{"id":5914,"date":"2016-01-09T04:17:53","date_gmt":"2016-01-09T04:17:53","guid":{"rendered":"https:\/\/gialinhtravel.com\/espanol\/?page_id=5914"},"modified":"2016-01-09T06:54:03","modified_gmt":"2016-01-09T06:54:03","slug":"nuestro-personal","status":"publish","type":"page","link":"https:\/\/gialinhtravel.com\/espanol\/sobre-nosotros\/nuestro-personal\/","title":{"rendered":"Nuestro personal"},"content":{"rendered":"<body><p>Bienvenido a Gia Linh Travel, su agencia de viajes personales en Vietnam. Podemos ayudar a que sus vacaciones a Vietnam, Tailandia, Myanmar, Laos y Camboya una experiencia memorable y libre de problemas. Nuestros servicios incluyen: visitas tem\u00e1ticas y hechos a medida, reserva de entradas y recomendaciones de hoteles. Ofrecemos un manejo profesional y cuidado de todo tipo de grupos dentro de Vietnam e Indochina con precios competitivos. Env\u00edenos un correo electr\u00f3nico con los detalles de sus planes de viaje o complete nuestro formulario de consulta y esperar una respuesta detallada dentro de 20-24 horas.<br>\nFundada en Han\u00f3i en 2007, hoy en d\u00eda, operamos en una red de los centros tur\u00edsticos m\u00e1s importantes del pa\u00eds. Gia Linh Travel es bien conocido en los mercados internacionales por su calidad y buen servicio.<\/p>\n<p>Nuestros datos de registro est\u00e1n a continuaci\u00f3n:<\/p>\n<p>Nombre de empresa Gia Linh Travel Co. Ltd<br>\n105A1 Sede \/ 447 Ngoc Lam St., Long Bien Dist., Han\u00f3i<br>\nTel\u00e9fono +84 43 6503888<br>\nOficina representante en Tailandia N\u00ba 25 \/ A2, Nak Niwat Soi 21, Lad Prao 71, Bangkok 10230<br>\nTel\u00e9fono +66 841627028<br>\nOficina representante en Camboya Sala Kanseng, Svay Dangkum, Siem Reap<br>\nTel\u00e9fono +855 63765503<br>\nOficina representante en Myanmar 109, Sinh-oo-dan Street, Latha Township, Yangon<br>\nTel\u00e9fono +951371105<br>\nOficina representante en Laos Hom 07 Ban Nasamphan, 13 North Road, Luangprabang<br>\nTel\u00e9fono +856 71252789<br>\nEmail ventas@gialinhtravel.com<br>\nSitios Web www.gialinhtravel.com<br>\nN\u00famero de licencia de negocios 0102029445<br>\nAutoridad emisora Comit\u00e9 Popular de la ciudad de Hanoi, Departamento de Planificaci\u00f3n e Inversiones, Oficina de Registro de Empresas<br>\nFecha de emisi\u00f3n 02 de enero 2007<br>\nVinculaci\u00f3n cuenta 0540000107243 en Vietcombank<\/p>\n<p>Conoce a nuestra gente:<\/p>\n<p>Director General: Sr. Nguyen Van Luong<br>\nLuong ha graduado de la Secretar\u00eda de Turismo de la Universidad de Ciencias Sociales y Humanidades en 2002 con una licenciatura. Tras 2 primeros a\u00f1os de trabajo como gu\u00eda de habla Ingl\u00e9s, que sab\u00eda mucho acerca de lugares atractivos en Vietnam, as\u00ed como lo que el cliente realmente quiere. A continuaci\u00f3n, se hizo cargo de los puestos de trabajo de un ejecutivo operador de ventas en l\u00ednea recorrido semen en dos a\u00f1os con el fin de sobresalir en la oficina skills.It es hasta principios de 2007 cuando todos los peritajes locales han sido bien logrado, Luong decidi\u00f3 dirigir su propio negocio y tomar Nombre de la compa\u00f1\u00eda despu\u00e9s de que sus amados wife\u2019s.His ideas para Gia Linh Travel son peque\u00f1a empresa, pero flexible y concentrarse en las necesidades de los clientes particulares. \u00c9l es una persona con lleno de caracter\u00edsticas, un hombre divertido y coraz\u00f3n de oro. \u00c9l le gusta jugar al f\u00fatbol (Ingl\u00e9s: el f\u00fatbol) por la tarde, bailes de sal\u00f3n cl\u00e1sico en la noche, bebiendo cerveza despu\u00e9s de trabajar.<\/p>\n<p>Vice Directora: Sra Tong Thi Thuy Linh<br>\nLinh es la persona m\u00e1s importante para Luong, tanto en su vida y los negocios. Se gradu\u00f3 de la Universidad de Cultura en 2003 y apenas ha logrado maestr\u00eda en el mismo curso cultural. Despu\u00e9s de horas de trabajo, ella ha demostrado ser una buena ama de casa en casa y una madre pensativa de edad hijo de dos a\u00f1os, cuyo apodo es Dingo (perro australiano). El inter\u00e9s de Linh es el baile de sal\u00f3n, ir de compras y tratar tipos diversificados de alimentos en todos los pa\u00edses cada vez que va para vacaciones.<\/p>\n<p>Gerente de ventas: Sra. Bui Hoai Thuong<br>\nThuong se gradu\u00f3 de la Universidad de Hanoi (antes llamado Hanoi Universidad de Estudios Extranjeros) y se uni\u00f3 a Gia Linh Travel en 2008. Ella es tambi\u00e9n uno de los primeros miembros de Gia Linh Travel. En comparaci\u00f3n con otros miembros de Gia Linh Travel, Thuong parece ser m\u00e1s madura como ella es una orgullosa madre de dos ni\u00f1os encantadores. Por favor, trate de no pedir Thuong acerca de su ni\u00f1o a menos que quieras escuchar sus historias interminables :). Adem\u00e1s, ha dicho que Thuong tiene una caracter\u00edstica f\u00e1cil de llevar. A ella le gusta la m\u00fasica pop y excursiones con amigos y familiares (a pesar de tener poco tiempo libre).<\/p>\n<p>Gerente de Operaciones: Sra. Thach Thi Lan<br>\nLan es uno de los primeros miembros de Gia Linh ya que est\u00e1 fundada. Se dice que ella es bastante desagradable la primera vez que la conozcas. Sin embargo, ella es tan diferente, con humor y coraz\u00f3n abierto una vez que est\u00e1s sus amigos. Lan le gusta escuchar m\u00fasica y su felicidad es ver las sonrisas en los rostros de sus queridas gentes. Ella es ahora tan feliz con un buen marido y un hijo agradable!<\/p>\n<p>Ingl\u00e9s Ventas Ejecutivo: Sra Hoang Thi Thu Ha<br>\nHa uni\u00f3 Gia Linh en 2010 despu\u00e9s de que ella hab\u00eda consigui\u00f3 su propia familia con un marido que es 9 a\u00f1os mayor que ella. Ella es una mujer tradicional que siempre trato de pasar mucho tiempo con su familia. Su hobby es viajar y cantar (ella puede cantar muchas clases de m\u00fasica). Ella es tambi\u00e9n la amabilidad de darle una mano cuando lo necesite. Al ver Ha en la primera vista, usted pensar\u00e1 que ella es tan silencioso, pero ella es bastante amable y hablador cuando siendo amigos.<\/p>\n<p>Ingl\u00e9s Ventas Ejecutivo: Sra. Chu Bich Phuong<br>\nPhuong es una de las dos chicas solteras en viajes Gia Linh. Se gradu\u00f3 en el departamento de Turismo de Hanoi Open University y trabaj\u00f3 para el recorrido Gia Linh a partir de febrero de 2011. A ella le gusta viajar con su familia y amigos, leer libros, escuchar m\u00fasica pop y cantar (karaoke). Phuong espera que ella tenga la oportunidad de descubrir muchos pa\u00edses en el mundo, especialmente en Europa en un futuro pr\u00f3ximo \ud83d\ude42<\/p>\n<p>Espa\u00f1ol Ventas Ejecutivo: Nguyen Thu Thuy<br>\nThuy es una de los miembros m\u00e1s j\u00f3venes de Gia Linh. Estudi\u00f3 espa\u00f1ol en la universidad de Han\u00f3i y empez\u00f3 a trabajar en Gia Linh despu\u00e9s de graduarse. Le gustan viajar con amigos, escuchar m\u00fasica, y leer comics, sobre todo las mangas japonesas. En futuro, espera tener oportunidad de viajar a los pa\u00edses hispanohablantes para descubrir sus culturas y practicar su espa\u00f1ol. De momento, lo que m\u00e1s desea es tener mucho m\u00e1s experiencias para poder hacer su trabajo m\u00e1s productivo y eficiente.<\/p>\n<p>Gerente de venta de entradas: Sra. Thach Thi Van<br>\nEstar capacitado como contable y Van tenido tres a\u00f1os de experiencia en este campo a Gia Linh Travel. Sin embargo, los placeres de la emisi\u00f3n de billetes de vuelo le atraen lejos de trabajo contador y ella ha decidido cambiar su posici\u00f3n para trabajar en ticketing departamento de Gia Linh Travel. Ella ahora est\u00e1 funcionando bien en este nuevo trabajo y es muy apreciada debido a su asiduidad, esmero y amabilidad. Le gusta jugar al b\u00e1dminton y compras.<\/p>\n<p>Contador: Sra. Thach Thi Quynh<br>\nQuynh es el del miembro m\u00e1s joven de los viajes Gia Linh hasta ahora. Ella ha estado trabajando durante los viajes Gia Linh como contable desde 2010. Ella es una persona habladora, amable, buen humor que le har\u00e1 menos estr\u00e9s con sus divertidas historias. Por otra parte, tambi\u00e9n es muy entusiasta. Ella siempre est\u00e1 dispuesta a darle una mano cuando se necesita. Ella acaba de conseguir casada con un hombre guapo y ahora est\u00e1n viviendo juntos y felices. Cuando tenga tiempo libre, le gusta escuchar m\u00fasica, leer historias en l\u00ednea y obtener informaci\u00f3n de c\u00f3mo cuidar de su hijo.<\/p>\n<p>Gu\u00eda de habla Ingl\u00e9s: Sr. Tran Minh Son<br>\nGu\u00eda en el Norte Son es un buen amigo de Luong en la Universidad de Ciencias Sociales y Humanidades. \u00c9l ten\u00eda un hijo y una esposa que vive en Hanoi junto con su familia. Su sue\u00f1o es ganar dinero tanto como sea posible para comprar su propia casa. Le gusta jugar al f\u00fatbol, pero lo hace mal. \u00c9l es amable, eficiente, servicial y divertido. \u201cMuy entretenido y un placer tener como gu\u00eda\u201d es lo que nuestros clientes piensan cuando se viaja con \u00e9l.<\/p>\n<p>Gu\u00eda de habla Ingl\u00e9s: Sr. Tran Ngoc Huynh<br>\nGu\u00eda en el Norte Huynh naci\u00f3 en 1973 y tiene 5 a\u00f1os trabajando como gu\u00eda tur\u00edstico. A todos nuestros clientes, que es muy apreciado debido a sus caracter\u00edsticas cortesas, salientes y cuidadosas. Lo que es m\u00e1s, \u00e9l era un hombre lleno de energ\u00eda. A diferencia de otros, Huynh primero se gradu\u00f3 de la Universidad de Hanoi de Transportes y Comunicaciones. Pero la pasi\u00f3n por el turismo de \u00e9l se volvi\u00f3 hacia otro camino. \u00c9l comenz\u00f3 a aprender Ingl\u00e9s y particip\u00f3 en en servicio Departamento de Ingl\u00e9s de la Universidad de Hanoi. Ahora est\u00e1 haciendo un buen trabajo en Gia Linh Travel. \u00c9l le gusta leer libros y jugar al b\u00e1dminton, adem\u00e1s de la hora de viajar.<\/p>\n<p>Gu\u00eda de habla Ingl\u00e9s: Sr. Nguyen Tien Dan, Gu\u00eda del Norte<br>\n\u201cSi alguien me les hizo ir a un pa\u00eds extranjero y servir all\u00ed con un buen sueldo, voy a negar esta oferta. Porque amo a Vietnam, mi pa\u00eds, con gente amable y mil a\u00f1os de historia y cultura. As\u00ed que elijo mi trabajo como gu\u00eda tur\u00edstico. Me gusta este trabajo; siempre me hace estar activo y encuentro con todos los pueblos de diferentes pa\u00edses. Quiero introducir los modos de vida, los alimentos, el paisaje y la cultura de mi pa\u00eds para todos los pueblos del mundo. Usted puede ver la belleza de Vietnam a trav\u00e9s de mis ojos y mis sonrisas. Por favor venga a visitar Vietnam conmigo, te voy a dar m\u00e1s de sus expectativas! \u201cEste encantadoras palabras proviene de la de 32 a\u00f1os de edad el hombre cuyo nombre es Dan. Se gradu\u00f3 de la universidad de lengua extranjera. \u00c9l es hablador, amable, servicial y rom\u00e1ntico. Le encanta la diversi\u00f3n, y tiene sentido del humor. \u00c9l puede hacer que las personas a su alrededor sonr\u00eden y relajarse contando historias divertidas. Le gusta el f\u00fatbol y el tenis de mesa, pero \u00e9l no le gusta el boxeo. \u00c9l es aficionado a escuchar m\u00fasica y ver la televisi\u00f3n. \u00c9l tambi\u00e9n est\u00e1 interesado en la lectura de libros \u2013 \u201clectura ensancha mi conocimiento que es muy \u00fatil para mi trabajo\u201d, como \u00e9l dijo. Dan ha sido con \u00e9xito trabajando como gu\u00eda tur\u00edstico durante 10 a\u00f1os hasta ahora.<\/p>\n<p>Gu\u00eda de habla Ingl\u00e9s: Sr. Tran Hoang Hai, gu\u00eda en el Centro<br>\nHai gradu\u00f3 de Danang Universidad de Estudios Extranjeros y \u00e9l ha estado trabajando como<br>\ngu\u00eda tur\u00edstico desde 2000. \u00c9l es amable, servicial y bien informado. Le gusta leer libros de historias y el mundo de los animales. Le encanta la naturaleza, deportes y viajes de aventura. Deje que nuestros clientes le dicen m\u00e1s acerca de \u00e9l: \u201cSr. Hai estaba muy bien y aprendimos mucho de \u00e9l sobre la historia vietnamita. \u00c9l hablaba un excelente Ingl\u00e9s. Fue puntual en nosotros la recolecci\u00f3n, siempre que lleguen antes de la hora de encuentro organizado \u201c\u201d Una excelente gu\u00eda \u2013 tanto su conocimiento de la ciudadela en tonalidad y las ruinas de Mi Hijo, m\u00e1s su comunicaci\u00f3n Ingl\u00e9s fue excelente \u2013 uno de los mejores gu\u00edas de la excursi\u00f3n \u201d<\/p>\n<\/body>","protected":false},"excerpt":{"rendered":"<p>Bienvenido a Gia Linh Travel, su agencia de viajes personales en Vietnam. Podemos ayudar a que sus vacaciones a Vietnam, Tailandia, Myanmar, Laos y Camboya una experiencia memorable y libre de problemas. Nuestros servicios incluyen: visitas tem\u00e1ticas y hechos a medida, reserva de entradas y recomendaciones de hoteles. Ofrecemos un manejo profesional y cuidado de [&hellip;]<\/p>\n","protected":false},"author":2,"featured_media":0,"parent":2676,"menu_order":0,"comment_status":"closed","ping_status":"closed","template":"","meta":{"nf_dc_page":"","footnotes":""},"class_list":["post-5914","page","type-page","status-publish","hentry"],"_links":{"self":[{"href":"https:\/\/gialinhtravel.com\/espanol\/wp-json\/wp\/v2\/pages\/5914","targetHints":{"allow":["GET"]}}],"collection":[{"href":"https:\/\/gialinhtravel.com\/espanol\/wp-json\/wp\/v2\/pages"}],"about":[{"href":"https:\/\/gialinhtravel.com\/espanol\/wp-json\/wp\/v2\/types\/page"}],"author":[{"embeddable":true,"href":"https:\/\/gialinhtravel.com\/espanol\/wp-json\/wp\/v2\/users\/2"}],"replies":[{"embeddable":true,"href":"https:\/\/gialinhtravel.com\/espanol\/wp-json\/wp\/v2\/comments?post=5914"}],"version-history":[{"count":2,"href":"https:\/\/gialinhtravel.com\/espanol\/wp-json\/wp\/v2\/pages\/5914\/revisions"}],"predecessor-version":[{"id":5936,"href":"https:\/\/gialinhtravel.com\/espanol\/wp-json\/wp\/v2\/pages\/5914\/revisions\/5936"}],"up":[{"embeddable":true,"href":"https:\/\/gialinhtravel.com\/espanol\/wp-json\/wp\/v2\/pages\/2676"}],"wp:attachment":[{"href":"https:\/\/gialinhtravel.com\/espanol\/wp-json\/wp\/v2\/media?parent=5914"}],"curies":[{"name":"wp","href":"https:\/\/api.w.org\/{rel}","templated":true}]}}