{"id":2926,"date":"2015-10-15T05:00:46","date_gmt":"2015-10-15T05:00:46","guid":{"rendered":"https:\/\/gialinhtravel.com\/espanol\/?page_id=2926"},"modified":"2015-11-03T09:26:18","modified_gmt":"2015-11-03T09:26:18","slug":"geografia-de-vietnam","status":"publish","type":"page","link":"https:\/\/gialinhtravel.com\/espanol\/geografia-de-vietnam\/","title":{"rendered":"Geograf\u00eda de Vietnam"},"content":{"rendered":"<div class=\"wpb-content-wrapper\"><body><p>[vc_row][vc_column width=\u201d1\/3\u2033][vc_single_image image=\u201d3637\u2033 img_size=\u201d250\u00d7188\u2033 alignment=\u201dcenter\u201d style=\u201dvc_box_border\u201d][vc_column_text][\/vc_column_text][\/vc_column][vc_column width=\u201d1\/3\u2033][vc_single_image image=\u201d3638\u2033 img_size=\u201d250\u00d7188\u2033 alignment=\u201dcenter\u201d style=\u201dvc_box_outline\u201d][vc_column_text][\/vc_column_text][\/vc_column][vc_column width=\u201d1\/3\u2033][vc_single_image image=\u201d3639\u2033 img_size=\u201d250\u00d7188\u2033 alignment=\u201dcenter\u201d style=\u201dvc_box_shadow_3d\u201d][vc_column_text][\/vc_column_text][\/vc_column][vc_column][vc_empty_space][\/vc_column][\/vc_row][vc_row][vc_column][vc_column_text]<span style=\"color: #000000;\">Vietnam est\u00e1 situado en el extremo sureste de la pen\u00ednsula indochina y ocupa cerca de 331688 kil\u00f3metros cuadrados, de los cuales alrededor del 25 por ciento estaba bajo del cultivo en 1987. El pa\u00eds tiene forma de la S con una distancia del norte al sur de 1650 kil\u00f3metros y est\u00e1 a solos unos 50 kil\u00f3metros de ancho en el punto m\u00e1s angosto. Con un litoral de 3260 kil\u00f3metros, con exclusi\u00f3n de las islas, las reclamaciones de\u00a0Vietnam\u00a0son de 12 millas marinas como el l\u00edmite de sus aguas territoriales, un adicional de 12 millas marinas como las costumbres y\u00a0las contiguas zona\u00a0de seguridad, y las 200 millas marinas como zona econ\u00f3mica exclusiva.<\/span><\/p>\n<p><span style=\"color: #000000;\">La frontera con Laos que se asent\u00f3 por motivos \u00e9tnicos y entre los gobernantes deVietnam\u00a0y Laos a mediados del siglo XVII\u00a0\u00a0fue formalmente definida por una delimitaci\u00f3n de tratados firmados en 1977 y ratificada en 1986. La frontera con Camboya, definida en la \u00e9poca de la colonia de los franceses es la anexi\u00f3n de la parte occidental del Delta del R\u00edo\u00a0Mekong\u00a0en 1867, se mantuvo esencialmente sin cambios. Algunas \u00faltimas cuestiones fronterizas fueron finalmente resueltas en el per\u00edodo 1982-85. La tierra, el mar y la frontera con China, delineadas en el marco del Francia-China tratados de 1887 y 1895, es \u201cla l\u00ednea fronteriza\u201d aceptados por Hanoi que China estuvo de acuerdo en 1957 \u2013 58 al respecto. Sin embargo, en febrero de 1979, a ra\u00edz de la limitada invasi\u00f3n de China a\u00a0Vietnam, Hanoi se quej\u00f3 de que a partir de 1957 China hab\u00eda provocado numerosos incidentes en la frontera como parte de su lucha contra la pol\u00edtica de\u00a0Vietnam\u00a0y designios expansionistas en el sudeste de Asia. Entre las infracciones citadas territoriales, la ocupaci\u00f3n de las Islas de\u00a0Paracelso\u00a0fueron reclamadas por ambos pa\u00edses en una controversia hayan quedado sin resolver desde la d\u00e9cada de 1980.<\/span><\/p>\n<p><span style=\"color: #000000;\">Vietnam\u00a0es un pa\u00eds tropical de tierras bajas, colinas, cubierto por bosques y tierras altas, con nivel de la tierra que cubre no m\u00e1s del 20 por ciento de la zona. El pa\u00eds est\u00e1 dividido en las tierras altas y el Delta del R\u00edo Rojo en el norte, la cordillera\u00a0Truong\u00a0Son (monta\u00f1a central, o a veces a que se refiere con el nombre la cordillera de\u00a0Annam\u00a0), las tierras bajas costeras, y el Delta del R\u00edo\u00a0Mekong\u00a0en el Sur.<\/span><\/p>\n<p><span style=\"color: #000000;\">El Delta del R\u00edo Rojo, plano, triangular regi\u00f3n de 3000 kil\u00f3metros cuadrados, es m\u00e1s peque\u00f1o pero m\u00e1s intensamente desarrollados y m\u00e1s densamente poblado que el Delta del R\u00edo\u00a0Mekong. Una vez que entra del Golfo de\u00a0Tonkin, se ha cumplimentado por los enormes dep\u00f3sitos aluviales de los r\u00edos, a lo largo de un per\u00edodo de milenios, y que los avances cien metros en el abismo al a\u00f1o. El hogar ancestral de la poblaci\u00f3n de origen vietnamita, el delta representaba casi el 70 por ciento de la agricultura y el 80 por ciento de la industria de\u00a0Vietnam\u00a0del Norte antes de 1975.<\/span><\/p>\n<p><span style=\"color: #000000;\">El R\u00edo Rojo (Song\u00a0Hong, en vietnamita) proviene de la provincia china de\u00a0Yunnan, es de unos 1200 kil\u00f3metros de largo. Sus dos principales afluentes, el r\u00edo\u00a0Min\u00a0y el r\u00edo Negro contribuyen a su alto volumen de agua de m\u00e1s 500 millones de promedios metros c\u00fabicos por segundo, pero puede aumentar en m\u00e1s de 60 veces en el punto \u00e1lgido de la temporada de lluvias. Toda la regi\u00f3n del delta, con el respaldo de las empinadas subidas de las boscosas tierras altas, es no m\u00e1s de tres metros sobre el nivel del mar, y mucha de ella es un metro o menos. La zona est\u00e1 sujeta a frecuentes inundaciones en algunos lugares que la marca m\u00e1s alta del agua en las inundaciones es catorce metros sobre el campo circundante. Durante siglos, el control de las inundaciones ha sido una parte integral de la cultura y la econom\u00eda del delta. Un amplio sistema de diques y canales se han construido para contener el r\u00edo Rojo y para regar los ricos cultivos de arroz\u00a0\u00a0en el delta. Modelado en el de China, este antiguo sistema se ha mantenido un alto grado de concentraci\u00f3n de poblaci\u00f3n y ha hecho doble el cultivo del arroz en todo alrededor de la mitad de la regi\u00f3n.<\/span><\/p>\n<p><span style=\"color: #000000;\">Las mesetas de las tierras altas y monta\u00f1as en el norte y noroeste est\u00e1n habitadas principalmente por grupos de minor\u00edas tribales. La cordillera\u00a0Truong\u00a0Son es originaria de la\u00a0Xizang\u00a0(T\u00edbet) y regiones de\u00a0Yunnan\u00a0\u00a0del sudoeste de China y es la frontera entre\u00a0Vietnam, Laos y Camboya. Se termina en el Delta del R\u00edo\u00a0Mekong\u00a0al norte de Ciudad Ho Chi Minh\u00a0(\u00a0Saig\u00f3n\u00a0antiguo).<\/span><\/p>\n<p><span style=\"color: #000000;\">Estas monta\u00f1as centrales, que tienen varias altas mesetas, son irregulares en la elevaci\u00f3n y la forma. La parte norte es estrecha y muy resistente; el pico m\u00e1s alto del pa\u00eds es\u00a0\u00a0Fan Si Pan con una altura de 3142 metros en el extremo noroeste. La porci\u00f3n del sur cuenta con numerosas estribaciones que dividen la franja costera estrecha en una serie de compartimentos. Durante siglos, estas caracter\u00edsticas topogr\u00e1ficas hac\u00edan dif\u00edcil\u00a0\u00a0la comunicaci\u00f3n del norte al sur, Sin embargo formaron una eficaz barrera natural para la contenci\u00f3n de la gente que vive en la cuenca del\u00a0Mekong.<\/span><\/p>\n<p><span style=\"color: #000000;\">Dentro de la porci\u00f3n del sur de\u00a0Vietnam\u00a0es una meseta conocida como las tierras altas centrales\u00a0(Tay\u00a0Nguyen) con aproximadamente 51800 kil\u00f3metros cuadrados de monta\u00f1as escarpadas cumbres, extensos bosques, los suelos y los ricos.\u00a0\u00a0Tay\u00a0Nguyen\u00a0consta de 5 mesetas relativamente planas de suelos de basalto, repartidas en las provincias de\u00a0Dac\u00a0Lac\u00a0yGia\u00a0Lai-Kon\u00a0Tom, la sierra representa el 16 por ciento de la tierra cultivable del pa\u00eds y el 22 por ciento del total de su superficie de la tierra forestada. Antes de 1975\u00a0Vietnam\u00a0del Norte hab\u00eda mantenido que las tierras altas centrales y la cordilleraTruong\u00a0Son eran las \u00e1reas estrat\u00e9gicas de suma importancia, esencial para la dominaci\u00f3n no s\u00f3lo de\u00a0Vietnam\u00a0del Sur, sino tambi\u00e9n de la parte sur de Indochina. Desde 1975 las tierras altas han proporcionado un \u00e1mbito en el que\u00a0\u00a0han reubican a la gente de las tierras bajas densamente pobladas.<\/span><\/p>\n<p><span style=\"color: #000000;\">Las estrechas y planas tierras bajas costeras se extienden desde el sur del Delta del R\u00edo Rojo a la cuenca del R\u00edo\u00a0Mekong. En el lado de la tierra, la cordillera\u00a0Truong\u00a0Son precipitadamente se eleva por encima de la costa con varias espuelas hacia el\u00a0mar .\u00a0En general la franja costera es f\u00e9rtil y el arroz se cultiva intensivamente.<\/span><\/p>\n<p><span style=\"color: #000000;\">El\u00a0Rio\u00a0Mekong\u00a0con 4220 kil\u00f3metros de largo, es uno de los 12 grandes r\u00edos del mundo. Desde su nacimiento, en la meseta deXizang, que fluye a trav\u00e9s de la\u00a0Xizang\u00a0y regiones de\u00a0Yunnan\u00a0de China, constituye la frontera entre Laos y Birmania, as\u00ed como entre Laos y Tailandia, se divide en dos ramas \u2013 el\u00a0rio\u00a0Hau\u00a0Giang\u00a0y\u00a0Tien\u00a0Giang\u00a0\u2014 por debajo de\u00a0Phnom\u00a0Penh, y contin\u00faa a trav\u00e9s de Camboya. La cuenca del\u00a0Mekong\u00a0desemboca en el Mar de China Meridional a trav\u00e9s de nueve bocas que se suelen llamar nueve dragones. El r\u00edo est\u00e1 muy navegable por embarcaciones de navegaci\u00f3n mar\u00edtima de someras en lo que respecta a la provincia de Kompong Cham, en Camboya. Entrando en un afluente del r\u00edo en\u00a0Phnom\u00a0Penh los desag\u00fces de\u00a0Tonle\u00a0Sap, un lago de agua dulce que act\u00faa como un reservorio natural para estabilizar el flujo de agua a trav\u00e9s de la parte inferior del\u00a0Mekong. Cuando el r\u00edo est\u00e1 en etapa de inundaci\u00f3n, seg\u00fan una copia de seguridad de inundaciones en el\u00a0Tonle\u00a0Sap, el lago puede causar a inundar hasta 10000 kil\u00f3metros cuadrados. A medida que la inundaci\u00f3n\u00a0subvencionales, el flujo de agua se invierte del lago al mar. El efecto es de reducir significativamente el peligro de inundaciones devastadoras en el delta del\u00a0Mekong, donde las inundaciones del r\u00edo\u00a0\u00a0rodean los campos cada a\u00f1o a un nivel de uno a dos metros.<\/span><\/p>\n<p><span style=\"color: #000000;\">El delta del\u00a0Mekong, que abarca alrededor de 40000 kil\u00f3metros cuadrados, es un bajo nivel llano no m\u00e1s de tres metros sobre el nivel del mar en cualquier momento y surcada por un laberinto de canales y r\u00edos. Por lo tanto, mucho sedimento es transportado por el\u00a0Mekong\u00a0en diversas ramas y afluentes. El delta avanza de sesenta a ochenta metros en el mar cada a\u00f1o. Seg\u00fan una estimaci\u00f3n oficial,\u00a0\u00a0la cantidad de sedimentos depositados anualmente es alrededor de 1 mil millones de metros c\u00fabicos, es decir, casi 13 veces la cantidad depositada por el r\u00edo Rojo. Acerca de 10000 kil\u00f3metros cuadrados del delta est\u00e1n bajo el cultivo de arroz, convirtiendo la zona en uno de las principales regiones del cultivo de arroz\u00a0\u00a0del mundo. El extremo sur, conocido como la pen\u00ednsula de\u00a0Ca\u00a0Mau, est\u00e1 cubierto por una densa selva y manglares.<\/span><\/p>\n<p><span style=\"color: #000000;\">Vietnam\u00a0tiene un clima tropical\u00a0monz\u00f3nico, con un promedio de humedad del 84 por ciento a lo largo del a\u00f1o. Sin embargo, debido a las diferencias en la latitud y la marcada variedad topogr\u00e1fica de socorro, el clima tiende a variar considerablemente de un lugar a otro. Durante el invierno o la estaci\u00f3n seca, que se extiende aproximadamente desde noviembre hasta abril, los vientos del monz\u00f3n suelen soplar desde el noreste a lo largo de la costa de China y en todo el Golfo de\u00a0Tonkin, recogiendo una considerable humedad; en consecuencia, la temporada de invierno en la mayor parte del pa\u00eds es seco s\u00f3lo por comparaci\u00f3n con el verano o la estaci\u00f3n de lluvias. Durante el verano que se produce de mayo a octubre, el aire caliente del desierto de\u00a0Gobi\u00a0se eleva, muy al norte, la inducci\u00f3n de aire h\u00famedo\u00a0\u00a0fluye hacia el interior del mar y deposita las fuertes lluvias.<\/span><\/p>\n<p><span style=\"color: #000000;\">Las precipitaciones anuales son sustanciales en todas las regiones y en algunas torrenciales, que van desde 120 cent\u00edmetros a 300 cent\u00edmetros. Casi el 90 por ciento de la precipitaci\u00f3n ocurre durante el verano. La temperatura media anual es generalmente m\u00e1s alta en las llanuras que en las monta\u00f1as y mesetas. Las temperaturas oscilan entre un m\u00ednimo de 50C en diciembre y enero, el mes m\u00e1s fr\u00edo, a m\u00e1s de 37\u00a00C en abril, el mes m\u00e1s caluroso. La divisi\u00f3n de las temporadas\u00a0\u00a0est\u00e1\u00a0\u00a0marcada\u00a0\u00a0m\u00e1s clara en la mitad norte que en la mitad sur del pa\u00eds, donde,\u00a0\u00a0en algunas de las tierras altas, las temperaturas var\u00edan de temporada s\u00f3lo unos pocos grados, por lo general en el 21\u00a00C-28\u00a00C .<\/span>[\/vc_column_text][vc_empty_space][\/vc_column][\/vc_row]<\/p>\n<\/body><\/div>","protected":false},"excerpt":{"rendered":"<p>[vc_row][vc_column width=\u201d1\/3\u2033][vc_single_image image=\u201d3637\u2033 img_size=\u201d250\u00d7188\u2033 alignment=\u201dcenter\u201d style=\u201dvc_box_border\u201d][vc_column_text][\/vc_column_text][\/vc_column][vc_column width=\u201d1\/3\u2033][vc_single_image image=\u201d3638\u2033 img_size=\u201d250\u00d7188\u2033 alignment=\u201dcenter\u201d style=\u201dvc_box_outline\u201d][vc_column_text][\/vc_column_text][\/vc_column][vc_column width=\u201d1\/3\u2033][vc_single_image image=\u201d3639\u2033 img_size=\u201d250\u00d7188\u2033 alignment=\u201dcenter\u201d style=\u201dvc_box_shadow_3d\u201d][vc_column_text][\/vc_column_text][\/vc_column][vc_column][vc_empty_space][\/vc_column][\/vc_row][vc_row][vc_column][vc_column_text]Vietnam est\u00e1 situado en el extremo sureste de la pen\u00ednsula indochina y ocupa cerca de 331688 kil\u00f3metros cuadrados, de los cuales alrededor del 25 por ciento estaba bajo del cultivo en 1987. El pa\u00eds tiene forma de la S con [&hellip;]<\/p>\n","protected":false},"author":3,"featured_media":3640,"parent":0,"menu_order":0,"comment_status":"closed","ping_status":"closed","template":"","meta":{"nf_dc_page":"","footnotes":""},"class_list":["post-2926","page","type-page","status-publish","has-post-thumbnail","hentry"],"_links":{"self":[{"href":"https:\/\/gialinhtravel.com\/espanol\/wp-json\/wp\/v2\/pages\/2926","targetHints":{"allow":["GET"]}}],"collection":[{"href":"https:\/\/gialinhtravel.com\/espanol\/wp-json\/wp\/v2\/pages"}],"about":[{"href":"https:\/\/gialinhtravel.com\/espanol\/wp-json\/wp\/v2\/types\/page"}],"author":[{"embeddable":true,"href":"https:\/\/gialinhtravel.com\/espanol\/wp-json\/wp\/v2\/users\/3"}],"replies":[{"embeddable":true,"href":"https:\/\/gialinhtravel.com\/espanol\/wp-json\/wp\/v2\/comments?post=2926"}],"version-history":[{"count":4,"href":"https:\/\/gialinhtravel.com\/espanol\/wp-json\/wp\/v2\/pages\/2926\/revisions"}],"predecessor-version":[{"id":3641,"href":"https:\/\/gialinhtravel.com\/espanol\/wp-json\/wp\/v2\/pages\/2926\/revisions\/3641"}],"wp:featuredmedia":[{"embeddable":true,"href":"https:\/\/gialinhtravel.com\/espanol\/wp-json\/wp\/v2\/media\/3640"}],"wp:attachment":[{"href":"https:\/\/gialinhtravel.com\/espanol\/wp-json\/wp\/v2\/media?parent=2926"}],"curies":[{"name":"wp","href":"https:\/\/api.w.org\/{rel}","templated":true}]}}