{"id":2754,"date":"2015-10-14T10:05:57","date_gmt":"2015-10-14T10:05:57","guid":{"rendered":"https:\/\/gialinhtravel.com\/espanol\/?page_id=2754"},"modified":"2015-11-06T04:28:26","modified_gmt":"2015-11-06T04:28:26","slug":"clima-de-camboya","status":"publish","type":"page","link":"https:\/\/gialinhtravel.com\/espanol\/clima-de-camboya\/","title":{"rendered":"Clima de Camboya"},"content":{"rendered":"<div class=\"wpb-content-wrapper\"><body><p>[vc_row][vc_column width=\u201d1\/3\u2033][vc_single_image image=\u201d4046\u2033 img_size=\u201d250\u00d7188\u2033 alignment=\u201dcenter\u201d style=\u201dvc_box_border\u201d][vc_column_text]<\/p>\n<p>Viajes a Vietnam, Laos, Camboya, Tailandia, Myanmar<\/p>\n<p>[\/vc_column_text][\/vc_column][vc_column width=\u201d1\/3\u2033][vc_single_image image=\u201d4048\u2033 img_size=\u201d250\u00d7188\u2033 alignment=\u201dcenter\u201d style=\u201dvc_box_outline\u201d][vc_column_text]<\/p>\n<p>Viajes a Vietnam, Laos, Camboya, Tailandia, Myanmar<\/p>\n<p>[\/vc_column_text][\/vc_column][vc_column width=\u201d1\/3\u2033][vc_single_image image=\u201d4049\u2033 img_size=\u201d250\u00d7188\u2033 alignment=\u201dcenter\u201d style=\u201dvc_box_shadow_3d\u201d][vc_column_text]<\/p>\n<p>Viajes a Vietnam, Laos, Camboya, Tailandia, Myanmar<\/p>\n<p>[\/vc_column_text][\/vc_column][vc_column][vc_empty_space][\/vc_column][\/vc_row][vc_row][vc_column][vc_column_text]<span style=\"color: #000000;\"><b>Clima de Camboya<\/b><\/span><\/p>\n<p><span style=\"color: #000000;\">El clima de Camboya es tropical, as\u00ed que puede haber una serie de lluvias durante toda la temporada del monz\u00f3n al sur-oeste. La lluvia es una oportunidad en cualquier momento desde mayo a noviembre, pero la lluvia cr\u00edtica cae en septiembre y octubre. El viento que trae la lluvia invierte durante todo el invierno crea una \u201cseca\u201d, o m\u00e1s exactamente, la estaci\u00f3n seca de diciembre a abril \u2013 los \u00fanicos meses que est\u00e1n cerca de la lluvia desatada son enero y febrero.<\/span><\/p>\n<p><span style=\"color: #000000;\"><b>Temperatura y humedad<\/b><\/span><\/p>\n<p><span style=\"color: #000000;\">Hay un modelo estacional de la temperatura, la m\u00e1s simple de aproximadamente 6 \u02da C, sin embargo las temperaturas y precipitaciones disminuyen cada vez m\u00e1s hacia el interior del viaje. La humedad var\u00eda bastante poco, con un promedio entre 70% y 80%, pero disminuye bastante en la cuenca Ton Le Sap.<\/span><\/p>\n<p><span style=\"color: #000000;\"><b>Precipitaciones<\/b><\/span><\/p>\n<p><span style=\"color: #000000;\">El volumen de precipitaciones aumentar\u00e1 con la altitud, alcanzando un m\u00e1ximo alrededor de 5.000 cm en las monta\u00f1as del sureste y las laderas de la cordillera en el suroeste. En las zonas de tierras bajas, las precipitaciones medias giran en torno a 1500 cm en l\u00ednea anual. Entre el 70% y el 80% de las precipitaciones en general se realiza a trav\u00e9s del monz\u00f3n del suroeste.<\/span><\/p>\n<p><span style=\"color: #000000;\"><b>Extremos Meteorol\u00f3gicos<\/b><\/span><\/p>\n<p><span style=\"color: #000000;\">Los ciclones tropicales, m\u00e1s conocido como tifones, son la \u00fanica manifestaci\u00f3n de las estipulaciones de mal tiempo en Camboya. Sin embargo, son un acontecimiento sin precedentes, y rara vez causan da\u00f1os vitales.<\/span><\/p>\n<p><span style=\"color: #000000;\">Escuchar<\/span><\/p>\n<p><span style=\"color: #000000;\">Leer fon\u00e9ticamente\u00a0<\/span><\/p>\n<table class=\"table-1\" width=\"100%\">\n<tbody>\n<tr>\n<th><span style=\"color: #000000;\">Clima en Phnom Penh<\/span><\/th>\n<th><span style=\"color: #000000;\">Ene<\/span><\/th>\n<th><span style=\"color: #000000;\">Feb<\/span><\/th>\n<th><span style=\"color: #000000;\">Mar<\/span><\/th>\n<th><span style=\"color: #000000;\">Abr<\/span><\/th>\n<th><span style=\"color: #000000;\">May<\/span><\/th>\n<th><span style=\"color: #000000;\">Juni<\/span><\/th>\n<th><span style=\"color: #000000;\">Juli<\/span><\/th>\n<th><span style=\"color: #000000;\">Ago<\/span><\/th>\n<th><span style=\"color: #000000;\">Sept<\/span><\/th>\n<th><span style=\"color: #000000;\">Oct<\/span><\/th>\n<th><span style=\"color: #000000;\">Nov<\/span><\/th>\n<th><span style=\"color: #000000;\">Dic<\/span><\/th>\n<\/tr>\n<tr>\n<td><span style=\"color: #000000;\">La temperatura media alta (\u02daC)<\/span><\/td>\n<td><span style=\"color: #000000;\">31.5<\/span><\/td>\n<td><span style=\"color: #000000;\">32.5<\/span><\/td>\n<td><span style=\"color: #000000;\">33.5<\/span><\/td>\n<td><span style=\"color: #000000;\">34.5<\/span><\/td>\n<td><span style=\"color: #000000;\">33.5<\/span><\/td>\n<td><span style=\"color: #000000;\">32.5<\/span><\/td>\n<td><span style=\"color: #000000;\">32.5<\/span><\/td>\n<td><span style=\"color: #000000;\">31.5<\/span><\/td>\n<td><span style=\"color: #000000;\">31.5<\/span><\/td>\n<td><span style=\"color: #000000;\">30.5<\/span><\/td>\n<td><span style=\"color: #000000;\">30.5<\/span><\/td>\n<td><span style=\"color: #000000;\">29.5<\/span><\/td>\n<\/tr>\n<tr>\n<td><span style=\"color: #000000;\">La temperatura media alta (\u02daF)<\/span><\/td>\n<td><span style=\"color: #000000;\">89<\/span><\/td>\n<td><span style=\"color: #000000;\">91<\/span><\/td>\n<td><span style=\"color: #000000;\">94<\/span><\/td>\n<td><span style=\"color: #000000;\">94<\/span><\/td>\n<td><span style=\"color: #000000;\">93<\/span><\/td>\n<td><span style=\"color: #000000;\">91<\/span><\/td>\n<td><span style=\"color: #000000;\">90<\/span><\/td>\n<td><span style=\"color: #000000;\">90<\/span><\/td>\n<td><span style=\"color: #000000;\">89<\/span><\/td>\n<td><span style=\"color: #000000;\">87<\/span><\/td>\n<td><span style=\"color: #000000;\">87<\/span><\/td>\n<td><span style=\"color: #000000;\">86<\/span><\/td>\n<\/tr>\n<tr>\n<td><span style=\"color: #000000;\">\u00a0La temperatura media baja (\u02daC)<\/span><\/td>\n<td><span style=\"color: #000000;\">89<\/span><\/td>\n<td><span style=\"color: #000000;\">91<\/span><\/td>\n<td><span style=\"color: #000000;\">94<\/span><\/td>\n<td><span style=\"color: #000000;\">94<\/span><\/td>\n<td><span style=\"color: #000000;\">93<\/span><\/td>\n<td><span style=\"color: #000000;\">91<\/span><\/td>\n<td><span style=\"color: #000000;\">90<\/span><\/td>\n<td><span style=\"color: #000000;\">90<\/span><\/td>\n<td><span style=\"color: #000000;\">89<\/span><\/td>\n<td><span style=\"color: #000000;\">87<\/span><\/td>\n<td><span style=\"color: #000000;\">87<\/span><\/td>\n<td><span style=\"color: #000000;\">86<\/span><\/td>\n<\/tr>\n<tr>\n<td><span style=\"color: #000000;\">\u00a0La temperatura media baja (\u02daF)<\/span><\/td>\n<td><span style=\"color: #000000;\">74<\/span><\/td>\n<td><span style=\"color: #000000;\">75<\/span><\/td>\n<td><span style=\"color: #000000;\">78<\/span><\/td>\n<td><span style=\"color: #000000;\">80<\/span><\/td>\n<td><span style=\"color: #000000;\">81<\/span><\/td>\n<td><span style=\"color: #000000;\">79<\/span><\/td>\n<td><span style=\"color: #000000;\">79<\/span><\/td>\n<td><span style=\"color: #000000;\">79<\/span><\/td>\n<td><span style=\"color: #000000;\">78<\/span><\/td>\n<td><span style=\"color: #000000;\">78<\/span><\/td>\n<td><span style=\"color: #000000;\">77<\/span><\/td>\n<td><span style=\"color: #000000;\">74<\/span><\/td>\n<\/tr>\n<tr>\n<td><span style=\"color: #000000;\">Precipitaci\u00f3n en mil\u00edmetros<\/span><\/td>\n<td><span style=\"color: #000000;\">113<\/span><\/td>\n<td><span style=\"color: #000000;\">39<\/span><\/td>\n<td><span style=\"color: #000000;\">24<\/span><\/td>\n<td><span style=\"color: #000000;\">85<\/span><\/td>\n<td><span style=\"color: #000000;\">65<\/span><\/td>\n<td><span style=\"color: #000000;\">77<\/span><\/td>\n<td><span style=\"color: #000000;\">85<\/span><\/td>\n<td><span style=\"color: #000000;\">118<\/span><\/td>\n<td><span style=\"color: #000000;\">374<\/span><\/td>\n<td><span style=\"color: #000000;\">585<\/span><\/td>\n<td><span style=\"color: #000000;\">369<\/span><\/td>\n<td><span style=\"color: #000000;\">225<\/span><\/td>\n<\/tr>\n<tr>\n<td><span style=\"color: #000000;\">Precipitaci\u00f3n en pulgadas<\/span><\/td>\n<td><span style=\"color: #000000;\">4.5<\/span><\/td>\n<td><span style=\"color: #000000;\">1.6<\/span><\/td>\n<td><span style=\"color: #000000;\">1.0<\/span><\/td>\n<td><span style=\"color: #000000;\">1.2<\/span><\/td>\n<td><span style=\"color: #000000;\">2.6<\/span><\/td>\n<td><span style=\"color: #000000;\">3.1<\/span><\/td>\n<td><span style=\"color: #000000;\">3.4<\/span><\/td>\n<td><span style=\"color: #000000;\">4.7<\/span><\/td>\n<td><span style=\"color: #000000;\">14.8<\/span><\/td>\n<td><span style=\"color: #000000;\">23.1<\/span><\/td>\n<td><span style=\"color: #000000;\">14.6<\/span><\/td>\n<td><span style=\"color: #000000;\">8.9<\/span><\/td>\n<\/tr>\n<tr>\n<td><span style=\"color: #000000;\">Promedio de d\u00edas lluviosos<\/span><\/td>\n<td><span style=\"color: #000000;\">0.8<\/span><\/td>\n<td><span style=\"color: #000000;\">1.0<\/span><\/td>\n<td><span style=\"color: #000000;\">3.2<\/span><\/td>\n<td><span style=\"color: #000000;\">5.1<\/span><\/td>\n<td><span style=\"color: #000000;\">5.6<\/span><\/td>\n<td><span style=\"color: #000000;\">10.5<\/span><\/td>\n<td><span style=\"color: #000000;\">10.7<\/span><\/td>\n<td><span style=\"color: #000000;\">10.8<\/span><\/td>\n<td><span style=\"color: #000000;\">12.0<\/span><\/td>\n<td><span style=\"color: #000000;\">12.8<\/span><\/td>\n<td><span style=\"color: #000000;\">8.9<\/span><\/td>\n<td><span style=\"color: #000000;\">3.4<\/span><\/td>\n<\/tr>\n<\/tbody>\n<\/table>\n<p>\u00a0<\/p>\n<table border=\"1\" width=\"100%\" cellspacing=\"0\" cellpadding=\"0\">\n<tbody>\n<tr>\n<td><span style=\"color: #000000;\">Clima en Siem Reap<\/span><\/td>\n<td><span style=\"color: #000000;\">Ene<\/span><\/td>\n<td><span style=\"color: #000000;\">Feb<\/span><\/td>\n<td><span style=\"color: #000000;\">Mar<\/span><\/td>\n<td><span style=\"color: #000000;\">Abr<\/span><\/td>\n<td><span style=\"color: #000000;\">May<\/span><\/td>\n<td><span style=\"color: #000000;\">Juni<\/span><\/td>\n<td><span style=\"color: #000000;\">Juli<\/span><\/td>\n<td><span style=\"color: #000000;\">Ago<\/span><\/td>\n<td><span style=\"color: #000000;\">Sept<\/span><\/td>\n<td><span style=\"color: #000000;\">Oct<\/span><\/td>\n<td><span style=\"color: #000000;\">Nov<\/span><\/td>\n<td><span style=\"color: #000000;\">Dic<\/span><\/td>\n<\/tr>\n<tr>\n<td><span style=\"color: #000000;\">La temperatura media alta (\u02daC)<\/span><\/td>\n<td><span style=\"color: #000000;\">31.5<\/span><\/td>\n<td><span style=\"color: #000000;\">32.5<\/span><\/td>\n<td><span style=\"color: #000000;\">33.5<\/span><\/td>\n<td><span style=\"color: #000000;\">34.5<\/span><\/td>\n<td><span style=\"color: #000000;\">33.5<\/span><\/td>\n<td><span style=\"color: #000000;\">32.5<\/span><\/td>\n<td><span style=\"color: #000000;\">31.5<\/span><\/td>\n<td><span style=\"color: #000000;\">31.5<\/span><\/td>\n<td><span style=\"color: #000000;\">30.5<\/span><\/td>\n<td><span style=\"color: #000000;\">30.5<\/span><\/td>\n<td><span style=\"color: #000000;\">30.5<\/span><\/td>\n<td><span style=\"color: #000000;\">30.5<\/span><\/td>\n<\/tr>\n<tr>\n<td><span style=\"color: #000000;\">La temperatura media alta (\u02daF)<\/span><\/td>\n<td><span style=\"color: #000000;\">89<\/span><\/td>\n<td><span style=\"color: #000000;\">91<\/span><\/td>\n<td><span style=\"color: #000000;\">94<\/span><\/td>\n<td><span style=\"color: #000000;\">95<\/span><\/td>\n<td><span style=\"color: #000000;\">94<\/span><\/td>\n<td><span style=\"color: #000000;\">92<\/span><\/td>\n<td><span style=\"color: #000000;\">90<\/span><\/td>\n<td><span style=\"color: #000000;\">90<\/span><\/td>\n<td><span style=\"color: #000000;\">88<\/span><\/td>\n<td><span style=\"color: #000000;\">88<\/span><\/td>\n<td><span style=\"color: #000000;\">88<\/span><\/td>\n<td><span style=\"color: #000000;\">87<\/span><\/td>\n<\/tr>\n<tr>\n<td><span style=\"color: #000000;\">\u00a0La temperatura media baja (\u02daC)<\/span><\/td>\n<td><span style=\"color: #000000;\">20<\/span><\/td>\n<td><span style=\"color: #000000;\">22<\/span><\/td>\n<td><span style=\"color: #000000;\">24<\/span><\/td>\n<td><span style=\"color: #000000;\">25<\/span><\/td>\n<td><span style=\"color: #000000;\">25<\/span><\/td>\n<td><span style=\"color: #000000;\">25<\/span><\/td>\n<td><span style=\"color: #000000;\">24<\/span><\/td>\n<td><span style=\"color: #000000;\">24<\/span><\/td>\n<td><span style=\"color: #000000;\">24<\/span><\/td>\n<td><span style=\"color: #000000;\">23<\/span><\/td>\n<td><span style=\"color: #000000;\">22<\/span><\/td>\n<td><span style=\"color: #000000;\">20<\/span><\/td>\n<\/tr>\n<tr>\n<td><span style=\"color: #000000;\">\u00a0La temperatura media baja (\u02daF)<\/span><\/td>\n<td><span style=\"color: #000000;\">68<\/span><\/td>\n<td><span style=\"color: #000000;\">71<\/span><\/td>\n<td><span style=\"color: #000000;\">75<\/span><\/td>\n<td><span style=\"color: #000000;\">77<\/span><\/td>\n<td><span style=\"color: #000000;\">77<\/span><\/td>\n<td><span style=\"color: #000000;\">77<\/span><\/td>\n<td><span style=\"color: #000000;\">76<\/span><\/td>\n<td><span style=\"color: #000000;\">76<\/span><\/td>\n<td><span style=\"color: #000000;\">76<\/span><\/td>\n<td><span style=\"color: #000000;\">74<\/span><\/td>\n<td><span style=\"color: #000000;\">72<\/span><\/td>\n<td><span style=\"color: #000000;\">68<\/span><\/td>\n<\/tr>\n<tr>\n<td><span style=\"color: #000000;\">Precipitaci\u00f3n en mil\u00edmetros<\/span><\/td>\n<td><span style=\"color: #000000;\">n\/a<\/span><\/td>\n<td><span style=\"color: #000000;\">11<\/span><\/td>\n<td><span style=\"color: #000000;\">21<\/span><\/td>\n<td><span style=\"color: #000000;\">61<\/span><\/td>\n<td><span style=\"color: #000000;\">141<\/span><\/td>\n<td><span style=\"color: #000000;\">171<\/span><\/td>\n<td><span style=\"color: #000000;\">201<\/span><\/td>\n<td><span style=\"color: #000000;\">201<\/span><\/td>\n<td><span style=\"color: #000000;\">261<\/span><\/td>\n<td><span style=\"color: #000000;\">231<\/span><\/td>\n<td><span style=\"color: #000000;\">81<\/span><\/td>\n<td><span style=\"color: #000000;\">11<\/span><\/td>\n<\/tr>\n<tr>\n<td><span style=\"color: #000000;\">Precipitaci\u00f3n en pulgadas<\/span><\/td>\n<td><span style=\"color: #000000;\">0.2<\/span><\/td>\n<td><span style=\"color: #000000;\">0.6<\/span><\/td>\n<td><span style=\"color: #000000;\">1.1<\/span><\/td>\n<td><span style=\"color: #000000;\">2.6<\/span><\/td>\n<td><span style=\"color: #000000;\">6.0<\/span><\/td>\n<td><span style=\"color: #000000;\">7.1<\/span><\/td>\n<td><span style=\"color: #000000;\">8.0<\/span><\/td>\n<td><span style=\"color: #000000;\">8.0<\/span><\/td>\n<td><span style=\"color: #000000;\">10.7<\/span><\/td>\n<td><span style=\"color: #000000;\">9.4<\/span><\/td>\n<td><span style=\"color: #000000;\">3.5<\/span><\/td>\n<td><span style=\"color: #000000;\">0.7<\/span><\/td>\n<\/tr>\n<tr>\n<td><span style=\"color: #000000;\">Promedio de d\u00edas lluviosos<\/span><\/td>\n<td><span style=\"color: #000000;\">0.4<\/span><\/td>\n<td><span style=\"color: #000000;\">1.2<\/span><\/td>\n<td><span style=\"color: #000000;\">2.5<\/span><\/td>\n<td><span style=\"color: #000000;\">4.6<\/span><\/td>\n<td><span style=\"color: #000000;\">5.7<\/span><\/td>\n<td><span style=\"color: #000000;\">11.7<\/span><\/td>\n<td><span style=\"color: #000000;\">12.6<\/span><\/td>\n<td><span style=\"color: #000000;\">12.6<\/span><\/td>\n<td><span style=\"color: #000000;\">13.3<\/span><\/td>\n<td><span style=\"color: #000000;\">12.3<\/span><\/td>\n<td><span style=\"color: #000000;\">6.6<\/span><\/td>\n<td><span style=\"color: #000000;\">1.4<\/span><\/td>\n<\/tr>\n<\/tbody>\n<\/table>\n<p><span style=\"color: #000000;\">Escuchar<\/span><\/p>\n<p><span style=\"color: #000000;\">Leer fon\u00e9ticamente<\/span>[\/vc_column_text][vc_empty_space][\/vc_column][\/vc_row]<\/p>\n<\/body><\/div>","protected":false},"excerpt":{"rendered":"<p>[vc_row][vc_column width=\u201d1\/3\u2033][vc_single_image image=\u201d4046\u2033 img_size=\u201d250\u00d7188\u2033 alignment=\u201dcenter\u201d style=\u201dvc_box_border\u201d][vc_column_text] Viajes a Vietnam, Laos, Camboya, Tailandia, Myanmar [\/vc_column_text][\/vc_column][vc_column width=\u201d1\/3\u2033][vc_single_image image=\u201d4048\u2033 img_size=\u201d250\u00d7188\u2033 alignment=\u201dcenter\u201d style=\u201dvc_box_outline\u201d][vc_column_text] Viajes a Vietnam, Laos, Camboya, Tailandia, Myanmar [\/vc_column_text][\/vc_column][vc_column width=\u201d1\/3\u2033][vc_single_image image=\u201d4049\u2033 img_size=\u201d250\u00d7188\u2033 alignment=\u201dcenter\u201d style=\u201dvc_box_shadow_3d\u201d][vc_column_text] Viajes a Vietnam, Laos, Camboya, Tailandia, Myanmar [\/vc_column_text][\/vc_column][vc_column][vc_empty_space][\/vc_column][\/vc_row][vc_row][vc_column][vc_column_text]Clima de Camboya El clima de Camboya es tropical, as\u00ed que puede haber una serie de [&hellip;]<\/p>\n","protected":false},"author":4,"featured_media":4045,"parent":0,"menu_order":0,"comment_status":"closed","ping_status":"closed","template":"","meta":{"nf_dc_page":"","footnotes":""},"class_list":["post-2754","page","type-page","status-publish","has-post-thumbnail","hentry"],"_links":{"self":[{"href":"https:\/\/gialinhtravel.com\/espanol\/wp-json\/wp\/v2\/pages\/2754","targetHints":{"allow":["GET"]}}],"collection":[{"href":"https:\/\/gialinhtravel.com\/espanol\/wp-json\/wp\/v2\/pages"}],"about":[{"href":"https:\/\/gialinhtravel.com\/espanol\/wp-json\/wp\/v2\/types\/page"}],"author":[{"embeddable":true,"href":"https:\/\/gialinhtravel.com\/espanol\/wp-json\/wp\/v2\/users\/4"}],"replies":[{"embeddable":true,"href":"https:\/\/gialinhtravel.com\/espanol\/wp-json\/wp\/v2\/comments?post=2754"}],"version-history":[{"count":3,"href":"https:\/\/gialinhtravel.com\/espanol\/wp-json\/wp\/v2\/pages\/2754\/revisions"}],"predecessor-version":[{"id":4050,"href":"https:\/\/gialinhtravel.com\/espanol\/wp-json\/wp\/v2\/pages\/2754\/revisions\/4050"}],"wp:featuredmedia":[{"embeddable":true,"href":"https:\/\/gialinhtravel.com\/espanol\/wp-json\/wp\/v2\/media\/4045"}],"wp:attachment":[{"href":"https:\/\/gialinhtravel.com\/espanol\/wp-json\/wp\/v2\/media?parent=2754"}],"curies":[{"name":"wp","href":"https:\/\/api.w.org\/{rel}","templated":true}]}}