{"id":2685,"date":"2015-10-14T09:07:49","date_gmt":"2015-10-14T09:07:49","guid":{"rendered":"https:\/\/gialinhtravel.com\/espanol\/?page_id=2685"},"modified":"2015-11-05T06:42:31","modified_gmt":"2015-11-05T06:42:31","slug":"arte-y-cultura-de-laos","status":"publish","type":"page","link":"https:\/\/gialinhtravel.com\/espanol\/arte-y-cultura-de-laos\/","title":{"rendered":"Arte y Cultura de Laos"},"content":{"rendered":"<div class=\"wpb-content-wrapper\"><body><p>[vc_row][vc_column width=\u201d1\/3\u2033][vc_single_image image=\u201d3881\u2033 img_size=\u201d250\u00d7188\u2033 alignment=\u201dcenter\u201d style=\u201dvc_box_border\u201d][vc_column_text]<\/p>\n<p>Viajes a Vietnam, Laos, Camboya, Tailandia, Myanmar<\/p>\n<p>[\/vc_column_text][\/vc_column][vc_column width=\u201d1\/3\u2033][vc_single_image image=\u201d3883\u2033 img_size=\u201d250\u00d7188\u2033 alignment=\u201dcenter\u201d style=\u201dvc_box_outline\u201d][vc_column_text]<\/p>\n<p>Viajes a Vietnam, Laos, Camboya, Tailandia, Myanmar<\/p>\n<p>[\/vc_column_text][\/vc_column][vc_column width=\u201d1\/3\u2033][vc_single_image image=\u201d3884\u2033 img_size=\u201d250\u00d7188\u2033 alignment=\u201dcenter\u201d style=\u201dvc_box_shadow_3d\u201d][vc_column_text]<\/p>\n<p>Viajes a Vietnam, Laos, Camboya, Tailandia, Myanmar<\/p>\n<p>[\/vc_column_text][\/vc_column][vc_column][vc_empty_space][\/vc_column][\/vc_row][vc_row][vc_column][vc_column_text]<span style=\"color: #000000;\">Una de las marcas comerciales de Laos es la diversidad de sus pueblos y culturas. Hay una serie de artes y oficios tradicionales que representan a su modo de vida.<\/span><br>\n<span style=\"color: #000000;\"> Laos tiene una rica herencia cultural con el arte religioso y la arquitectura que forman la piedra angular de las tradiciones art\u00edsticas.<\/span><\/p>\n<p><span style=\"color: #000000;\">Existe en todo el pa\u00eds una gran cantidad de monumentos distintivos y estilos arquitect\u00f3nicos. Una de las estructuras m\u00e1s notables es el That Luang, la gran estupa sagrada, en Vientiane. Su estupa en forma de c\u00fapula y la superestructura de cuatro puntas es el modelo de monumentos similares en Laos. Las estupas sirven para conmemorar la vida del Buda y muchas stupas se dice que tienen sagrada reliquias de Buda (partes del cuerpo de Budas).<\/span><\/p>\n<p><span style=\"color: #000000;\">En general, los budistas Hinayana creman el cad\u00e1ver y luego colocan los huesos en la estupa, que se establecen alrededor de los terrenos de los templos o wats. Diferentes estilos de la arquitectura es evidente en los numerosos Wats budista. Tres estilos arquitect\u00f3nicos se pueden distinguir, lo que corresponde a la ubicaci\u00f3n geogr\u00e1fica de los templos y monasterios. Los Wats construidos en Vientiane son grandes estructuras rectangulares construidas de ladrillo y cubiertas con estuco y techos altos. En Luang Prabang, los techos son muy bajos y, a diferencia de en Vientiane, casi llegan hasta el suelo. Estos dos estilos son diferentes de los wats de Xieng Khouang, donde los techos del templo no son niveles.Las im\u00e1genes religiosas y el arte de Laos tambi\u00e9n son distintivos y diferencia a Laos de sus vecinos.<\/span><\/p>\n<p><span style=\"color: #000000;\">La postura de Buda \u2018 La llamada de la lluvia\u2019 de las im\u00e1genes en Laos, por ejemplo, que representa el Buda de pie con sus manos r\u00edgidamente a su lado, los dedos apuntando al suelo, no se puede encontrar en otras tradiciones art\u00edsticas del sudeste de Asia budista. Las influencias religiosas tambi\u00e9n son omnipresentes en la literatura cl\u00e1sica de Laos, especialmente en el Pha Lak, Pha Lam, la versi\u00f3n de Laos de la \u00e9pica Ramayana de la India.<\/span><\/p>\n<p><span style=\"color: #000000;\">Otro excelente ejemplo de la riqueza de la cultura de Laos se\u00a0encuentra en la m\u00fasica popular, que es extremadamente popular entre la gente en todo el pa\u00eds. El principal instrumento es la \u201cKhaen\u201d, un instrumento de viento largo, que abarca una doble hilera de ca\u00f1as de bamb\u00fa que caben en una caja de resonancia de madera. El \u201cKhaen\u201d suele ir acompa\u00f1ada de un instrumento de cuerda frotada llamado \u201csaw\u201d. Estos instrumentos, junto con platillos, tambores y un instrumento de madera similar al xil\u00f3fono, son el acompa\u00f1amiento delicioso a la danza folcl\u00f3rica nacional, \u201cLamwong\u201d, en la que los bailarines bailan en pareja y poco a poco y con gracia describen c\u00edrculos o \u201cvong\u201d.<\/span><\/p>\n<p><span style=\"color: #000000;\"><strong style=\"font-style: inherit;\">Artesan\u00eda de Laos<\/strong><\/span><\/p>\n<p><span style=\"color: #000000;\"><strong style=\"font-style: inherit;\">Textil<\/strong><\/span><\/p>\n<p><span style=\"color: #000000;\">La cultura de Laos se refleja mejor en la artesan\u00eda de su gente. El m\u00e1s famoso de estos son los incre\u00edbles textiles de algod\u00f3n tejidos mano de producci\u00f3n nacional y la seda. Los mejores tejidos se asocian generalmente con celebraciones religiosas. En algunas partes de Laos, sacerdotes o sacerdotisas utilizan un estilo especial de pa\u00f1uelo rojo en las ceremonias de purificaci\u00f3n. Algunos observadores consideran los conceptos budistas de la impermanencia y la no sustancialidad reflejada en los dise\u00f1osabstractos y fuera del centro. La contemplaci\u00f3n de estos dise\u00f1os puede ser una ayuda en la meditaci\u00f3n.<\/span><br>\n<span style=\"color: #000000;\"> Al principio aparece como muy moderno y abstracto, los motivos de los textiles de Laos son s\u00edmbolos de mil a\u00f1os, como los diamantes t\u00e1ntricos proporcionando protecci\u00f3n contra los malos esp\u00edritus. Los motivos de animales incluyen personas, aves, esp\u00edritus y animales m\u00edticos, como el le\u00f3n real de nariz larga, serpientes naga, y el drag\u00f3n de r\u00edo de\u00a0dos cabezas. Cada uno de estos animales tiene un sentido beneficioso o de protecci\u00f3n, aunque muchas de las viejas leyendas acerca de ellos se han desvanecido de la cultura popular.<\/span><\/p>\n<p><span style=\"color: #000000;\">Mientras que las mujeres de Laos todav\u00eda usan faldas tejidas tradicionales todos los d\u00edas, las faldas y chales con el trabajo intrincado de hilo de seda se reservan para ocasiones especiales como fiestas y ceremonias religiosas. Los chales se doblan dos o tres veces para esconder los cabos sueltos de los hilos suplementarios y luego se envuelven en el cuello con ambas partes colgando muy abajo en el frente.<\/span><br>\n<span style=\"color: #000000;\"> Un moderno estilo de Lao se ha desarrollado, que mezcla elementos de varias regiones y favorece los dise\u00f1os audaces en lugar de la sutileza de edad. Algunas piezas de muy alta calidad se hacen en el nuevo estilo y tambi\u00e9n por algunos tejedores de Laos a experimentando con los patrones antiguos.<\/span><\/p>\n<p><span style=\"color: #000000;\"><strong style=\"font-style: inherit;\">Tallas en madera<\/strong><\/span><\/p>\n<p><span style=\"color: #000000;\">Junto con la piedra, el barro, y partes de animales, la madera era sin duda uno de los primeros materiales de trabajo de los primitivos seres humanos. De hecho, el desarrollo de la civilizaci\u00f3n estaba muy ligada a los grados cada vez mayor de la habilidadpara trabajar estos materiales. Entre los hallazgos iniciales de herramientas de madera y utensilios en Laos son los palos tallados de la provincia de Champassak en el Sur, las calabazas, los \u00eddolos de madera y m\u00e1scaras rituales de las provincias Luang Namtha y Bokeo en el Norte. Desde los primeros tiempos, los barcos de madera tallada, trampas para animales y telares se conocen y todav\u00eda se utilizan en todo el pa\u00eds.<\/span><br>\n<span style=\"color: #000000;\"> Un complejo entramado de tallas de madera y artesan\u00edas son de alto valor econ\u00f3mico. Su valor tambi\u00e9n es alto con respecto a su importancia cultural, especialmente las piezas mayores, ya que muchos de sus modelos o dise\u00f1os representan acontecimientos hist\u00f3ricos de Laos.<\/span><\/p>\n<p><span style=\"color: #000000;\"><strong style=\"font-style: inherit;\">Papel<\/strong><\/span><\/p>\n<p><span style=\"color: #000000;\">El papel Saa se hace de la morera y su corteza. Al igual que muchas cosas hechas en Laos, se hace a mano y con una mano de obra intensiva. La pulpa se libra a mano con un martillo. Y con un marco de la pantalla que drena el agua, pero deja la pasta en la superficie, crea la hoja de papel \u2013 hecha de nuevo hace a mano. Luego se deja secar naturalmente fuera. Las fibras de c\u00e1\u00f1amo tambi\u00e9n han sido conocidas por ser utilizadas como papel pero s\u00f3lo m\u00ednimamente en Laos. En general los fabricantes de papel en Laos venden su producci\u00f3n modesta pero bien conocido por los fabricantes artesanales tanto en Laos y Tailandia.<\/span><\/p>\n<p><span style=\"color: #000000;\">La fabricaci\u00f3n del papel Saa sigue una simple serie de procesos, pero los procesos deben ser seguidos con atenci\u00f3n, son mucho tiempo y, a veces, puede ser alterado por los caprichos del tiempo. El papel Saa est\u00e1 hecho de corteza que ha sido despojado de las ramas j\u00f3venes del \u00e1rbol de morera de papel. Bot\u00e1nicamente llamado Broussnetia Papyrifera, el \u00e1rbol de morera de papel es f\u00e1cil de cultivar en la mayor\u00eda de los suelos, especialmente los que tienen buena irrigaci\u00f3n, natural de un lago, r\u00edo o estanque.<\/span><br>\n<span style=\"color: #000000;\"> La corteza es inicial y profundamente secados al sol, para quitar la savia natural, antes de ser embalado para su entrega a la f\u00e1brica de papel Saa. A continuaci\u00f3n, se remoja en agua, durante la noche o m\u00e1s, hasta que la corteza sea\u00a0suave y flexible. El siguiente paso es hervir la \u201cpapilla\u201d durante varias horas, este se hace en grandes tambores en una mezcla de agua y soda c\u00e1ustica. La soda hace que las fibras se rompan a\u00fan m\u00e1s adelante y tambi\u00e9n los blanquea de un color blanquecino, este es el color natural del papel Saa.<\/span><\/p>\n<p><span style=\"color: #000000;\">Despu\u00e9s que la cocci\u00f3n se haya completado, la mezcla est\u00e1 bien aclarada con agua fr\u00eda para eliminar la soluci\u00f3n de soda y la pulpa restante se coloca en una m\u00e1quina de \u201cgolpes\u201d, llena de agua fr\u00eda, que separar\u00e1 las fibras finas de las que se hace el papel. La pen\u00faltima etapa de la fabricaci\u00f3n es la inmersi\u00f3n de una pantalla de malla fina (tamiz) en la fibra llena de agua; las pantallas con marco de madera son de tama\u00f1o uniforme y las fibras se adhieren a la malla. El papel Saa ya est\u00e1 listo y la pantalla se lleva fuera para el proceso final de secado al sol. La vista de miles de pantallas de madera enmarcada secado al sol puede identificar f\u00e1cilmente una f\u00e1brica de papel Saa.<\/span><\/p>\n<p>[\/vc_column_text][vc_empty_space][\/vc_column][\/vc_row]<\/p>\n<\/body><\/div>","protected":false},"excerpt":{"rendered":"<p>[vc_row][vc_column width=\u201d1\/3\u2033][vc_single_image image=\u201d3881\u2033 img_size=\u201d250\u00d7188\u2033 alignment=\u201dcenter\u201d style=\u201dvc_box_border\u201d][vc_column_text] Viajes a Vietnam, Laos, Camboya, Tailandia, Myanmar [\/vc_column_text][\/vc_column][vc_column width=\u201d1\/3\u2033][vc_single_image image=\u201d3883\u2033 img_size=\u201d250\u00d7188\u2033 alignment=\u201dcenter\u201d style=\u201dvc_box_outline\u201d][vc_column_text] Viajes a Vietnam, Laos, Camboya, Tailandia, Myanmar [\/vc_column_text][\/vc_column][vc_column width=\u201d1\/3\u2033][vc_single_image image=\u201d3884\u2033 img_size=\u201d250\u00d7188\u2033 alignment=\u201dcenter\u201d style=\u201dvc_box_shadow_3d\u201d][vc_column_text] Viajes a Vietnam, Laos, Camboya, Tailandia, Myanmar [\/vc_column_text][\/vc_column][vc_column][vc_empty_space][\/vc_column][\/vc_row][vc_row][vc_column][vc_column_text]Una de las marcas comerciales de Laos es la diversidad de sus pueblos y culturas. Hay [&hellip;]<\/p>\n","protected":false},"author":4,"featured_media":3880,"parent":0,"menu_order":0,"comment_status":"closed","ping_status":"closed","template":"","meta":{"nf_dc_page":"","footnotes":""},"class_list":["post-2685","page","type-page","status-publish","has-post-thumbnail","hentry"],"_links":{"self":[{"href":"https:\/\/gialinhtravel.com\/espanol\/wp-json\/wp\/v2\/pages\/2685","targetHints":{"allow":["GET"]}}],"collection":[{"href":"https:\/\/gialinhtravel.com\/espanol\/wp-json\/wp\/v2\/pages"}],"about":[{"href":"https:\/\/gialinhtravel.com\/espanol\/wp-json\/wp\/v2\/types\/page"}],"author":[{"embeddable":true,"href":"https:\/\/gialinhtravel.com\/espanol\/wp-json\/wp\/v2\/users\/4"}],"replies":[{"embeddable":true,"href":"https:\/\/gialinhtravel.com\/espanol\/wp-json\/wp\/v2\/comments?post=2685"}],"version-history":[{"count":3,"href":"https:\/\/gialinhtravel.com\/espanol\/wp-json\/wp\/v2\/pages\/2685\/revisions"}],"predecessor-version":[{"id":3885,"href":"https:\/\/gialinhtravel.com\/espanol\/wp-json\/wp\/v2\/pages\/2685\/revisions\/3885"}],"wp:featuredmedia":[{"embeddable":true,"href":"https:\/\/gialinhtravel.com\/espanol\/wp-json\/wp\/v2\/media\/3880"}],"wp:attachment":[{"href":"https:\/\/gialinhtravel.com\/espanol\/wp-json\/wp\/v2\/media?parent=2685"}],"curies":[{"name":"wp","href":"https:\/\/api.w.org\/{rel}","templated":true}]}}