{"id":2651,"date":"2015-10-14T08:36:52","date_gmt":"2015-10-14T08:36:52","guid":{"rendered":"https:\/\/gialinhtravel.com\/espanol\/?page_id=2651"},"modified":"2015-11-05T03:59:21","modified_gmt":"2015-11-05T03:59:21","slug":"porque-tailandia","status":"publish","type":"page","link":"https:\/\/gialinhtravel.com\/espanol\/porque-tailandia\/","title":{"rendered":"\u00bfPorqu\u00e9 Tailandia?"},"content":{"rendered":"<div class=\"wpb-content-wrapper\"><body><p>[vc_row][vc_column width=\u201d1\/3\u2033][vc_single_image image=\u201d3838\u2033 img_size=\u201d250\u00d7188\u2033 alignment=\u201dcenter\u201d style=\u201dvc_box_border\u201d][vc_column_text][\/vc_column_text][\/vc_column][vc_column width=\u201d1\/3\u2033][vc_single_image image=\u201d3840\u2033 img_size=\u201d250\u00d7188\u2033 alignment=\u201dcenter\u201d style=\u201dvc_box_outline\u201d][vc_column_text][\/vc_column_text][\/vc_column][vc_column width=\u201d1\/3\u2033][vc_single_image image=\u201d3842\u2033 img_size=\u201d250\u00d7188\u2033 alignment=\u201dcenter\u201d style=\u201dvc_box_shadow_3d\u201d][vc_column_text][\/vc_column_text][\/vc_column][vc_column][vc_empty_space][\/vc_column][\/vc_row][vc_row][vc_column][vc_column_text]Todos los tipos de lugares de inter\u00e9s ha hecho Thaland a escala mundial un destino atractivo.<br>\nDeportes y Actividades<br>\nActividades al aire libre<br>\nDiversidad geogr\u00e1fica de Tailandia, ofrece una impresionante gama de actividades.<br>\nBosques de monta\u00f1a del norte de Tailandia son famosos por sus espectaculares saltos de agua, el paisaje verde y exuberante, cuevas, aves y otros animales salvajes. Los safaris de elefantes ex\u00f3ticos y trekking con gu\u00edas conocedores de visitar tribus de las monta\u00f1as remotas se han vuelto muy populares.<br>\nLa costa sur es ideal para toda la diversi\u00f3n acu\u00e1tica, independientemente de su nivel de experiencia. La abundancia de parques nacionales, terrestres y marinos, dispersos por todo el pa\u00eds proporciona una gran variedad para explorar la naturaleza salvaje de Tailandia.<br>\nAlgunos vienen para aprovechar las abundantes del pa\u00eds, excelentes campos de golf, mientras que otros buscan sus emociones en los deportes de aventura. Sea cual sea su elecci\u00f3n puede ser, no hay obligaci\u00f3n de ser una actividad especialmente dise\u00f1ado para usted.<br>\nTours de aventura<br>\nLos que est\u00e1n en necesidad de adrenalina y quieren m\u00e1s de la vida, elige tu opci\u00f3n de cualquiera de estas actividades de b\u00fasqueda de emociones seguro que ser\u00e1 memorable. Tanto si eres un principiante o un experto, el personal especializado e instalaciones garantiza la seguridad es una prioridad.<br>\nCueva de Exploraciones<br>\nDebido a la geograf\u00eda monta\u00f1osa de Tailandia, en particular en el Norte, Oeste y Sur, la abundancia de cuevas naturales est\u00e1n a la mano para explorar. Algunos contienen creaciones hermosa piedra caliza, mientras que otros Casa Sagrada, im\u00e1genes de Buda. Aunque seguro y claramente marcados, la mayor\u00eda requiere de un gu\u00eda. No se alarme si usted debe encontrar dormir, murci\u00e9lagos inofensivos.<br>\nGolf<\/p>\n<p>La pasi\u00f3n de la naci\u00f3n para el golf nunca se ha desvanecido. Los excelentes campos de golf repartidos por todo el pa\u00eds, con diversos fondos pict\u00f3ricos, han sido sede de numerosos concursos internacionales. Aunque muchos clubes son exclusivos, vacaciones de golf numerosas son com\u00fanmente disponibles durante todo el a\u00f1o en los destinos de golf popular.<br>\nEscalada en Roca<br>\nEste deporte comenz\u00f3 cliffhanging en Krabi, con su paisaje del lugar y muchos itinerarios interesantes, BT est\u00e1 ahora disponible en muchos sitios en todo el pa\u00eds. La popularidad del deporte se ha acelerado dram\u00e1ticamente en los \u00faltimos a\u00f1os, con la introducci\u00f3n de la pared de escalada artificial que ofrece en la mayor\u00eda de metr\u00f3polis y pueblos tur\u00edsticos.<br>\nRafting en aguas bravas<br>\nHaga su elecci\u00f3n del bamb\u00fa pausado rafting en los r\u00edos de tranquilidad en el Norte o el rafting en aguas bravas m\u00e1s emocionante en botes de goma inflables robusto con fuertes corrientes y quebradas rocosas. Umphang en Tak hecho rafting famoso entre los locales y se ha ganado una calificaci\u00f3n de clase mundial. Hoy en d\u00eda, muchos m\u00e1s lugares en todo el pa\u00eds ofrecen este emocionante paseo, con \u00edndices de clase de 1-5.<br>\nEco-Turismo<\/p>\n<p>Para estar en contacto con la naturaleza y para ayudar a conservar para las generaciones futuras, este tipo de actividades se han dise\u00f1ado para los amantes de la naturaleza responsable. Apreciar la belleza, ver sus maravillas, pero mantenerlo intacto para los dem\u00e1s tambi\u00e9n.<br>\nPaseos en bicicleta<br>\n\u00a1Qu\u00e9 mejor manera de apreciar el estilo de vida local, m\u00e1s que pedalear a trav\u00e9s de los caminos estrechos que los autobuses tur\u00edsticos no pueden penetrar? Tambi\u00e9n es una novela y buena forma de disfrutar de la naturaleza salvaje y ruinas hist\u00f3ricas.<br>\nElephant Safaris<br>\nExperiencia dando tumbos por el bosque alto de un paquidermo y aprender a apreciar su poderosa fuerza y agilidad, capaz de vadear r\u00edos profundos. La mayor\u00eda de los campamentos de elefante, que ofrece excursiones se basan en Chiang Mai, paseos en elefante, pero tambi\u00e9n se ofrecen en los destinos tur\u00edsticos en las ciudades m\u00e1s complejo.<\/p>\n<p>Cruceros Mar<br>\nTome un crucero y ver el impresionante paisaje del golfo de Tailandia y el Mar de Andaman tiene para ofrecer. Viaja con estilo y de ocio.<br>\nTrekking<br>\n<a href=\"http:\/\/www.viaje-tailandia.com\/\">Viajes Tailandia<\/a>\u00a0ofrece un terreno ideal para el senderismo, de los bosques de piedra caliza de Krabi de las monta\u00f1as ondulantes en el norte, donde las personas viven muchas tribus de las colinas. Dir\u00edgete a cualquier otro parque nacional de la naturaleza, senderismo base con abundante vida salvaje, cascadas y otros atractivos naturales. Algunas excursiones incorporar safaris de elefantes y otros modos de transporte.<br>\nWalking Tour<br>\nA veces el mejor, y el tiempo-una forma eficaz de aprender sobre la cultura tailandesa es simplemente paseando, ya sea claramente observar o sumergirse con el pueblo. La mayor\u00eda de tours a pie implican templos dentro de la misma zona. , Y en Bangkok, a veces a pie es mucho m\u00e1s r\u00e1pido que los coches.<br>\nVisualizaci\u00f3n de la Vida Silvestre<br>\nAlgunos de los m\u00e1s raros, los animales y aves tropicales, pueden encontrarse a\u00fan en los parques nacionales de la naci\u00f3n. Los viajes m\u00e1s comunes son la observaci\u00f3n de aves, pero incluso un simple paseo en una zona monta\u00f1osa ser\u00e1 garant\u00eda de avistamiento de al menos algunos animales comunes que se encuentran en Tailandia: gibones y monos.<br>\nDeportes Acu\u00e1ticos<br>\nEn los balnearios populares, una variedad de deportes acu\u00e1ticos est\u00e1n en oferta, desde el parasailing, esqu\u00ed acu\u00e1tico, windsurf y lanchas motoras \/ alquiler de motos acu\u00e1ticas. Inflables \u201cbanana boat\u201d paseos han ganado en popularidad, en un m\u00e1ximo de 5 sentado a horcajadas sobre un tubo de goma alargada intento de aferrarse como la lancha tirando de \u00e9l la env\u00eda a una serie de virajes, lo que implicar\u00eda en un trapo hacia fuera.<br>\nPesca en alta mar<br>\nLos pescadores tienen la opci\u00f3n de excelentes instalaciones para la pesca deportiva de altura en Pattaya y Phuket, donde es casi seguro que va a atrapar un pez vela en el destino \u00faltimo de todo el a\u00f1o.<br>\nIslas<br>\nEspectaculares fuera de las islas de la costa punto las azules aguas del sur de Tailandia y el Golfo de Tailandia, proporcionando oportunidades para retozando en el sol o para el perfeccionamiento de los bronceados.<\/p>\n<p>Kayaking \/ Pesca deportiva<br>\nDespu\u00e9s de haber ganado mucha popularidad en los \u00faltimos a\u00f1os, el kayak es ampliamente disponible en todas las ciudades balneario. En primer lugar, se hizo conocido en Krabi y Phang Nga, siendo la forma m\u00e1s pac\u00edfica y \u00fanica manera de disfrutar de los islotes karst extra\u00f1o, los canales estrechos y bosques de manglar.<br>\nVela<br>\nLa Fraternidad internacional de yates amor espectacular costa de Tailandia y se re\u00fanen una vez al a\u00f1o en Phuket para la Copa del Rey del Regatta. H.R.H. El Rey fue una vez un marinero \u00e1vido y a\u00fan muestra inter\u00e9s por este deporte. Aunque la navegaci\u00f3n es posible a partir de Hua Hin y Pattaya, las mejores instalaciones y lugares m\u00e1s pintorescos se encuentran en Phuket. Carta de un yate, unirse\u00a0a un equipo o una vela, incluso de su propio, la elecci\u00f3n es interminable.<br>\nBuceo \/ Snorkel<br>\nEl mar de Andaman, ofrece algunos de los arrecifes de coral del mundo m\u00e1s espectacular, la ca\u00edda del oc\u00e9ano-offs, y pin\u00e1culos sumergida. Con sitios de buceo numerosos restos del naufragio y tambi\u00e9n est\u00e1 disponible en las islas del Golfo de Tailandia, el buceo es capaz de casi todo el a\u00f1o. Las aguas cristalinas le permite ver coloridos abanicos de mar y corales blandos de hasta 100 pies, mientras que las aguas oscuras, llenas de nutrientes, atrae a los animales marinos m\u00e1s grandes, con numerosos avistamientos del tibur\u00f3n ballena dif\u00edcil de alcanzar. El tropicales, corrientes c\u00e1lidas significa satisfaciendo en traje de ba\u00f1o es bastante adecuada.<\/p>\n<p>Windsurf<br>\nWindsurf se ha convertido en uno de los deportes acu\u00e1ticos m\u00e1s populares de Tailandia\u00a0en las \u00faltimas dos d\u00e9cadas, y es practicado en todo playas de Tailandia. Wind-surf no s\u00f3lo es emocionante y una excelente manera de ponerse en forma, tambi\u00e9n es tranquila, no contaminante y el medio ambiente es un deporte que indaga la destreza y la coordinaci\u00f3n y fuerza.<br>\nUsted puede aprender a windsurf en todas las principales playas de Phuket, Samui, Pattaya y Krabi, as\u00ed como en las islas de Ko Tao y Ko Chang. Una vez que domine los fundamentos, que encontrar\u00e1s en tablas y las velas disponibles en todas partes. Mientras que usted necesita el viento para el windsurf, usted puede conseguir mucho de algo bueno.<br>\nNo salga a la mar, si el clima est\u00e1 amenazando a su vez, tormentoso. Usted debe usar un chaleco salvavidas en todo momento. Tenga cuidado con los botes y nadadores en los tramos llena de agua, sobre todo cuando todav\u00eda est\u00e1n aprendiendo c\u00f3mo manejar su tabla y la vela. Es f\u00e1cil olvidar el sol con el viento en su cara, pero es especialmente fuerte cuando se refleja en el agua a su alrededor. As\u00ed que use un bloqueador solar de protecci\u00f3n.<\/p>\n<p>Jet-ski<br>\nJet-ski, se ha incorporado con entusiasmo por todo Tailandia, con motos de agua disponibles para alquiler en todas las playas principales en Tailandia-Samui. Phuket, Pattaya, Samet y Krabi. A pesar de la velocidad, chorro esqu\u00ed en Tailandia es un deporte seguro, si usted mantiene su cabeza y mirar hacia fuera para el tr\u00e1fico mar\u00edtimo de otros, especialmente nadadores y snorkeling, las rocas son generalmente insignias, pero tenga cuidado, especialmente durante la marea baja. Cuando usted est\u00e1 rugiendo por las bah\u00edas, es f\u00e1cil olvidar que usted est\u00e1 en la fuerza del sol, por lo que protegerse de antemano.<br>\nCultura<br>\nM\u00e1s informaci\u00f3n sobre los distintos elementos que comprende este Reino encantadora. Vea lo que no puede la experiencia de gu\u00edas de lectura y tener una visi\u00f3n m\u00e1s profunda de los modos de vida \u00fanico y diverso de la gente tailandesa.<br>\nCulturales (BKK)<br>\nExperiencia de la mezcla armoniosa de la diversidad cultural que constituye una gran metr\u00f3poli, lo que le permite sobrevivir como la capital de la Tierra de las Sonrisas.<br>\nCulturales (Norte)<br>\nCon su propia historia e influencias, los 700 a\u00f1os, m\u00e1s cultura Lanna del Norte tienen sus propias historias que contar.<br>\nHilltribes<br>\nSe encuentra m\u00e1s com\u00fanmente en zonas remotas de Mae Hong Son, Chiang Rai, Chiang Mai, y Tak, eachunique tribu tiene su propia cultura y tradici\u00f3n. Su distinci\u00f3n ex\u00f3ticos logra atrae y fascina a todos, a pesar de que han existido desde hace varias d\u00e9cadas.<br>\nCruceros por el r\u00edo<br>\nTome un paseo en barco entre el laberinto de canales y observar el estilo de vida tradicional todav\u00eda en existencia. Los mercados flotantes, la gente da limosna a los monjes en los barcos, los ni\u00f1os jugando en las aguas \u2013 parte de una vida normal, s\u00f3lo hayas le\u00eddo o escuchado.<br>\nActividades de Inter\u00e9s Especial<br>\nA diferencia de otros pa\u00edses, el patrimonio cultural de Tailandia ex\u00f3tica ofrece experiencias \u00fanicas que s\u00f3lo se puede encontrar aqu\u00ed. Sum\u00e9rjase en estas actividades culturales, algunos de los cuales son un reto mental como la meditaci\u00f3n budista, o recoger una nueva habilidad, como la cocina tailandesa. Usted quedar\u00e1 impresionado por lo que tenemos que ofrecer.<br>\nTurismo rural<br>\nSe dice a menudo que nadie que est\u00e9 dispuesto a trabajar cada vez se morir\u00e1n de hambre en Tailandia. Alabar a un rey del siglo 13 para su pa\u00eds, inscrito en piedra y memorizado por los escolares, se proclama que \u201cno hay arroz en los campos y peces en las aguas.\u201d Incluso en tiempos dif\u00edciles como el de hoy, la riqueza natural del pa\u00eds contin\u00faa ofreciendo esperanzas y un medio de vida para sus hijos e hijas.<\/p>\n<p>Meditaci\u00f3n Budista<br>\nCualquiera de nosotros tenemos en un momento u otro encontr\u00f3 que la cifra de la vida en el mundo moderno dif\u00edcil de soportar. El estr\u00e9s, la depresi\u00f3n y la desilusi\u00f3n son algunas de las enfermedades de los tiempos modernos que nos deja el anhelo de una soluci\u00f3n, una cura, por as\u00ed decirlo. M\u00e1s y m\u00e1s personas est\u00e1n recurriendo a la meditaci\u00f3n ya que no logran encontrar la respuesta a trav\u00e9s de caminos mundanos.<br>\nLa meditaci\u00f3n se encuentra en una forma u otra en todas las grandes tradiciones religiosas. Incluso aquellos que no son religiosos utilizan para concentrar la mente, para poner a punto, de modo que funciona mejor. En el budismo, la meditaci\u00f3n es la integral de las ocho veces camino hacia la iluminaci\u00f3n. La mente de uno entrena a uno para que pueda ver los cuatro puntos de la Verdad Suprema que forma el n\u00facleo de las ense\u00f1anzas de Buda: el sufrimiento, lo que lo causa, el fin del sufrimiento, y el camino hacia ese fin. Incluso si usted no est\u00e1 interesado en el budismo, la meditaci\u00f3n es una valiosa formaci\u00f3n que se pueden aplicar a la vida cotidiana, ya que ayuda con la concentraci\u00f3n y cuando se hace correctamente puede conducir a un estado de paz y tranquilidad que, m\u00e1s all\u00e1 de las alegr\u00edas mundanas.<br>\nLongstays<br>\nObtenga una visi\u00f3n m\u00e1s profunda del mundo fascinante de los pueblos cercanos de Tailandia y la poblaci\u00f3n local por pasar una noche con ellos. No s\u00f3lo es m\u00e1s econ\u00f3mico hechos, pero interesante tambi\u00e9n puede ser revelada.<br>\nMuay tailand\u00e9s<br>\nEs posible que haya o\u00eddo hablar de ella, o incluso visto en la televisi\u00f3n-los golpes furiosos, aplastando las huelgas codo, patadas letales, poderosos fintas de agarre y art\u00edstica. Pero nada se compara con verlos ejecutar para aplausos y el coraz\u00f3n de las carreras de melod\u00eda de un viento que acompa\u00f1a-y-conjunto de percusi\u00f3n. Bienvenido al excitante mundo de Muay tailand\u00e9s, un arte marcial como ning\u00fan otro, y un orgulloso patrimonio de una naci\u00f3n.<br>\nCursos de cocina tailandesa<br>\nDe cocina tailandesa, como ahora disfrutado en todo el mundo es una mezcla de influencias asi\u00e1ticas y europeas adoptadas a trav\u00e9s de siglos de intercambios comerciales y diplom\u00e1ticas. Thais tradicionalmente han vivido cerca de la tierra y las aguas, y la cocina tailandesa original que refleja. Principales ingredientes eran el arroz, el pescado, vegetales y hierbas. Muy poca carne, se utiliz\u00f3, y tradicionalmente la carne de vacuno o de carne de b\u00fafalo se abstuvo ya que los animales fueron los pilares de la vida rural.<br>\nTradicional estilo tailand\u00e9s Natural Healing<br>\nUn masaje para restablecer el equilibrio entre los elementos. Una sauna de hierbas para limpiar y rejuvenecer el cuerpo. Un paquete de base de hierbas para calmar los nervios y redirigir la energ\u00eda. Todo esto puede sonar muy nuevo agey en Occidente, pero ha sido parte de la vida cotidiana aqu\u00ed durante siglos.<br>\nAntes de la llegada de la medicina moderna, los herbolarios lleno la doble funci\u00f3n de m\u00e9dico-farmac\u00e9utico. Originalmente, los m\u00e9dicos de aldea eran monjes o los monjes antiguos, ya que los templos budistas fueron el centro de aprendizaje, no s\u00f3lo de la religi\u00f3n, sino de asuntos m\u00e1s mundanos como la astrolog\u00eda y la medicina tambi\u00e9n.<br>\nEntretenimiento<br>\nAunque las formas de Relaciones Exteriores de entretenimiento se han infiltrado en Tailandia modernos, tradicionales espect\u00e1culos de Tailandia siguen siendo una parte integral del estilo de vida tailand\u00e9s. De los aldeanos felices cantando canciones burl\u00f3n, un templo colorida feria, viendo un partido de sepak, al baile elegante, cl\u00e1sico tailand\u00e9s, espect\u00e1culos tradicionales son el centro de eventos sociales tailandeses, como lo demuestra en diversas festividades en todo el pa\u00eds. Los tailandeses abrazar la idea de celebrar en serio. De hecho, los tailandeses son conocidos por su amor a la sanuk ( \u201cdivertido\u201d) y disfrutar de esta pasi\u00f3n con gran entusiasmo y fervor de esp\u00edritu.<br>\nTeatro y Danza Tradicional<br>\nActuaciones Khon se considera la forma m\u00e1s elegante de la danza cl\u00e1sica, tradicional tailand\u00e9s. El royalized, todos hombres, baile de m\u00e1scaras se basa en la \u00e9pica Ramakien, como se demuestra por los murales en el templo del buda de esmeralda. Dado que el rendimiento completo dura varios d\u00edas, las escenas seleccionadas se pueden ver en el Teatro Nacional y el Teatro Real Chalermkrung en Bangkok y en el antiguo Centro Cultural de Chiang Mai en el norte.<br>\nLos trajes y las rutinas de bailes tradicionales de Tailandia vienen en muchas formas, dependiendo de la regi\u00f3n de origen de la danza. La mayor\u00eda de las principales ciudades de la cena ofrecen Khantoke y los espect\u00e1culos de danza tradicional tailandesa para los turistas. El Khantoke cenas de estilo Lanna se origin\u00f3 en Chiang Mai, en una sola configuraci\u00f3n de toma de muestras peque\u00f1as de varios platos tailandeses se colocan en una bandeja redonda.<br>\nDanzas Lakhons es el \u00fanico realizado un grupo de mujeres en trajes muy elaborados, pero son menos formales que los Khon. Estos se ven generalmente en los templos o lugares sagrados, como el santuario de Erawan, donde los devotos hacen m\u00e9ritos mediante la contrataci\u00f3n de los bailarines para llevar a cabo.<br>\nCom\u00fanmente aparece en las ferias de templo y en los televisores, la danza m\u00e1s popular drama es likay, donde los artistas cantan y act\u00faan cuentos folclore local de una manera c\u00f3mica, sat\u00edrica.<br>\nAunque generalizado en Malasia e Indonesia, Nang Talung (marionetas de sombra) se muestra s\u00f3lo puede ser visto en el Sur, particularmente en Phattalung y Nakhon Si Thammarat.<br>\nConciertos moderna, exposiciones y teatros de rendimiento<\/p>\n<p>Pr\u00e1cticamente todos los grandes de Tailandia, el estado-de-la-concierto de arte y lugares de exposici\u00f3n se encuentran en Bangkok, con la excepci\u00f3n de Kad Suan Kaew en Chiang Mai. Thailand Cultural Center cuenta con instalaciones de mejor desempe\u00f1o del pa\u00eds y, a menudo atraen a grupos de actuaci\u00f3n internacional.<br>\nLas exposiciones se muestran en una variedad de lugares en todo el pa\u00eds, desde grandes almacenes a las galer\u00edas \/ restaurantes. La mayor\u00eda de las exposiciones nominal primera se muestran en el Goethe-Institut de Alemania y de la Alianza Francesa de Francia en Bangkok.<br>\nEl 2 lugares m\u00e1s conocidos para obras de teatro puesta en escena son el teatro de Bangkok y el Teatro Patravadi en Bangkok.<br>\nSalas de cine<br>\nUna pl\u00e9tora de est\u00e1ndares internacionales m\u00faltiplex se encuentran dispersas en Bangkok, con algunas cadenas de ramificaci\u00f3n en las principales ciudades del interior del pa\u00eds. Teatros en las principales ciudades muestran las pel\u00edculas, tanto en Tailandia y banda sonora original, ya sea Ingl\u00e9s, chino o japon\u00e9s. \u00c9xitos de taquilla de Hollywood han dominado el mercado de Tailandia desde el decenio de 1990. Hoy en d\u00eda, los cines est\u00e1n equipados con el estado de los equipos de sonido y asientos de lujo. Algunos cines en Bangkok incluso tienen salas VIP que ofrecen grandes, asientos c\u00f3modos y en el teatro, cafeter\u00eda y servicios personalizados beber.<br>\nLas unidades m\u00f3viles todav\u00eda ofrecen proyecciones al aire libre en muchos pueblos del interior del pa\u00eds.<br>\nLugares de Entretenimiento<br>\nLa industria de la m\u00fasica de Tailandia se compone de pop y rock internacional (principalmente occidentales y japoneses), pop tailandesa, y la m\u00fasica folcl\u00f3rica muy popular. Estrellas del rock a cabo regularmente conciertos para sus fans en los lugares de Tailandia en Bangkok. Artistas int\u00e9rpretes o ejecutantes anteriores incluyen Westlife, Michael Jackson, Robbie Williams, y Oasis.<br>\nPubs, bares y discotecas (com\u00fanmente llamado \u201cfactor de teque\u201d, abreviatura de discoteca) son parte integral de la vida nocturna tailandesa. Debido a Bangkok est\u00e1 repleta de estos establecimientos, los lugares de moda cambian muy a menudo, dependiendo de los caprichos de la multitud la noche. Rara vez los \u00faltimos lugares de nuevo por m\u00e1s de 6 meses. Tapas (antes Tauro) reina como un lugar popular con la m\u00e1s larga de la historia. La vida nocturna en Bangkok se concentran en 3 \u00e1reas espec\u00edficas: RCA, Patpong \/ Silom Road, y Ratchadapisek. La vida nocturna en las ciudades del interior del pa\u00eds es m\u00e1s sedados que en Bangkok, con la excepci\u00f3n de Pattaya, Phuket y Chiang Mai.<br>\nFerias y Fiestas del Templo<br>\nMuchos grupos \u00e9tnicos de Tailandia, contribuir a la diversas fiestas locales y eventos religiosos que se producen durante todo el a\u00f1o. Aparte de las numerosas fiestas p\u00fablicas y religiosas en el calendario de Tailandia, los locales suelen tener sus propias fiestas que puede estar relacionado con su tradici\u00f3n \u00fanica, la promoci\u00f3n de productos de temporada, o de ciertas actividades, como carreras de botes y vuelo de cometas. Parte (o incluso la totalidad) de estos actos festivos se escenifican en el templo principal de la ciudad. El anfitri\u00f3n del templo ferias de una gran variedad de actividades, desde espect\u00e1culos folkl\u00f3ricos, concursos, los proveedores, a los alimentos locales.<br>\nLa mayor\u00eda de los festivales de Tailandia se celebran a nivel nacional. Sin embargo, algunas ciudades est\u00e1n asociados con la acogida de las celebraciones espectaculares, como la de Sukhothai y Loy Krathong y Qu\u00edos.[\/vc_column_text][vc_empty_space][\/vc_column][\/vc_row]<\/p>\n<\/body><\/div>","protected":false},"excerpt":{"rendered":"<p>[vc_row][vc_column width=\u201d1\/3\u2033][vc_single_image image=\u201d3838\u2033 img_size=\u201d250\u00d7188\u2033 alignment=\u201dcenter\u201d style=\u201dvc_box_border\u201d][vc_column_text][\/vc_column_text][\/vc_column][vc_column width=\u201d1\/3\u2033][vc_single_image image=\u201d3840\u2033 img_size=\u201d250\u00d7188\u2033 alignment=\u201dcenter\u201d style=\u201dvc_box_outline\u201d][vc_column_text][\/vc_column_text][\/vc_column][vc_column width=\u201d1\/3\u2033][vc_single_image image=\u201d3842\u2033 img_size=\u201d250\u00d7188\u2033 alignment=\u201dcenter\u201d style=\u201dvc_box_shadow_3d\u201d][vc_column_text][\/vc_column_text][\/vc_column][vc_column][vc_empty_space][\/vc_column][\/vc_row][vc_row][vc_column][vc_column_text]Todos los tipos de lugares de inter\u00e9s ha hecho Thaland a escala mundial un destino atractivo. Deportes y Actividades Actividades al aire libre Diversidad geogr\u00e1fica de Tailandia, ofrece una impresionante gama de actividades. Bosques de monta\u00f1a del norte de Tailandia [&hellip;]<\/p>\n","protected":false},"author":3,"featured_media":3844,"parent":0,"menu_order":0,"comment_status":"closed","ping_status":"closed","template":"","meta":{"nf_dc_page":"","footnotes":""},"class_list":["post-2651","page","type-page","status-publish","has-post-thumbnail","hentry"],"_links":{"self":[{"href":"https:\/\/gialinhtravel.com\/espanol\/wp-json\/wp\/v2\/pages\/2651","targetHints":{"allow":["GET"]}}],"collection":[{"href":"https:\/\/gialinhtravel.com\/espanol\/wp-json\/wp\/v2\/pages"}],"about":[{"href":"https:\/\/gialinhtravel.com\/espanol\/wp-json\/wp\/v2\/types\/page"}],"author":[{"embeddable":true,"href":"https:\/\/gialinhtravel.com\/espanol\/wp-json\/wp\/v2\/users\/3"}],"replies":[{"embeddable":true,"href":"https:\/\/gialinhtravel.com\/espanol\/wp-json\/wp\/v2\/comments?post=2651"}],"version-history":[{"count":4,"href":"https:\/\/gialinhtravel.com\/espanol\/wp-json\/wp\/v2\/pages\/2651\/revisions"}],"predecessor-version":[{"id":2654,"href":"https:\/\/gialinhtravel.com\/espanol\/wp-json\/wp\/v2\/pages\/2651\/revisions\/2654"}],"wp:featuredmedia":[{"embeddable":true,"href":"https:\/\/gialinhtravel.com\/espanol\/wp-json\/wp\/v2\/media\/3844"}],"wp:attachment":[{"href":"https:\/\/gialinhtravel.com\/espanol\/wp-json\/wp\/v2\/media?parent=2651"}],"curies":[{"name":"wp","href":"https:\/\/api.w.org\/{rel}","templated":true}]}}