{"id":2620,"date":"2015-10-14T08:25:18","date_gmt":"2015-10-14T08:25:18","guid":{"rendered":"https:\/\/gialinhtravel.com\/espanol\/?page_id=2620"},"modified":"2015-11-04T06:37:37","modified_gmt":"2015-11-04T06:37:37","slug":"gobierno-de-tailandia","status":"publish","type":"page","link":"https:\/\/gialinhtravel.com\/espanol\/gobierno-de-tailandia\/","title":{"rendered":"Gobierno de Tailandia"},"content":{"rendered":"<div class=\"wpb-content-wrapper\"><body><p>[vc_row][vc_column width=\u201d1\/3\u2033][vc_single_image image=\u201d3726\u2033 img_size=\u201d250\u00d7188\u2033 alignment=\u201dcenter\u201d style=\u201dvc_box_border\u201d][vc_column_text][\/vc_column_text][\/vc_column][vc_column width=\u201d1\/3\u2033][vc_single_image image=\u201d3728\u2033 img_size=\u201d250\u00d7188\u2033 alignment=\u201dcenter\u201d style=\u201dvc_box_outline\u201d][vc_column_text][\/vc_column_text][\/vc_column][vc_column width=\u201d1\/3\u2033][vc_single_image image=\u201d3729\u2033 img_size=\u201d250\u00d7188\u2033 alignment=\u201dcenter\u201d style=\u201dvc_box_shadow_3d\u201d][vc_column_text][\/vc_column_text][\/vc_column][vc_column][vc_empty_space][\/vc_column][\/vc_row][vc_row][vc_column][vc_column_text]Tailandia es el \u00fanico pa\u00eds del sudeste asi\u00e1tico que nunca ha sido colonizado. Su estructura de gobierno ha sufrido una evoluci\u00f3n gradual y pr\u00e1ctica en respuesta a los cambios del entorno. Desde 1932, Tailandia ha sido una monarqu\u00eda constitucional, con un rey como jefe de Estado y una forma parlamentaria de gobierno. El parlamento bicameral est\u00e1 formado por 500 representantes y 200 senadores. El Primer Ministro es elegido entre los miembros de la C\u00e1mara de Representantes. Por otra parte, Tailandia se divide en 76 provincias, cada uno administrada por gobernadores designados. Los gobernadores designados administran 75 de las 76 provincias de Tailandia. Bangkok, la provincia 76, es administrada por un gobernador electo.<br>\nAntes de 1932, la historia pol\u00edtica de Tailandia se puede resumir en tres reinos cronol\u00f3gicamente: Sukhothai, Ayutthaya, y Rattanakosin. El Reino de Sukhothai (1257-1378) adopt\u00f3 el sistema paternalista de gobierno, donde el rey ten\u00eda el poder absoluto y rein\u00f3 sobre sus s\u00fabditos, poniendo especial atenci\u00f3n a su bienestar. El posterior Reino Ayutthaya durante 1300-1700 hered\u00f3 amplias tradiciones y costumbres khmer, incluyendo un sistema de gobierno basado en el concepto de derechos divinos. El per\u00edodo de Ayutthaya tambi\u00e9n trajo un gobierno fuerte centralizado caracterizado por una clara divisi\u00f3n entre la administraci\u00f3n civil y militar. El Reino Rattanakosin se estableci\u00f3 en 1767 con Bangkok como la capital. El Reino Rattanakosin adopt\u00f3 el sistema de gobierno Ayutthaya. Tres siglos m\u00e1s tarde, el rey Rama V, que rein\u00f3 en el siglo 19 durante la amenaza del colonialismo en el sudeste asi\u00e1tico, reorganiz\u00f3 las administraciones centrales, regionales y locales. Estareestructuraci\u00f3n fue la base del actual sistema de gobierno de Tailandia.<br>\nHay tres componentes claves de la estructura gubernamental de Tailandia. La primera y m\u00e1s importante es que Su Majestad el Rey es el jefe de las fuerzas armadas y defensor del budismo y todas las dem\u00e1s religiones. La Constituci\u00f3n establece que Su Majestad el Rey es una persona sagrada e inviolable. Su poder soberano emana del pueblo. Por otra parte, Su Majestad el Rey ejerce su poder legislativo a trav\u00e9s del parlamento, el poder ejecutivo a trav\u00e9s del gabinete encabezado por un primer ministro, y el poder judicial a trav\u00e9s del pa\u00eds. El monarca tiene la facultad con el derecho a ser consultado, el derecho a alentar, y el derecho de advertir a las advertencias cada vez que el gobierno falle en administrar los asuntos del Estado por el bien del pueblo.<br>\nEl segundo componente se refiere a la rama legislativa. La primera constituci\u00f3n fue un documento que cre\u00f3 una cautelosa Asamblea Nacional bicameral con dos categor\u00edas de miembros: la C\u00e1mara de Representantes (c\u00e1mara baja) y el Senado (c\u00e1mara alta). Seg\u00fan la Constituci\u00f3n, el Primer Ministro es el jefe de gobierno y el jefe Ejecutivo.<br>\nDurante los 57 a\u00f1os\u00a0<a name=\"OLE_LINK58\"><\/a>del reinado\u00a0de Su Majestad el Rey Bhumibol Adulyadej, Tailandia ha experimentado un crecimiento econ\u00f3mico envidiable. Con una base predominantemente agraria y sofisticada y un creciente sector de manufactura, la econom\u00eda de Tailandia es bien diversificada. Tailandia cuenta con un turismo desarrollado, la industria de la agricultura, la manufactura, minerales, y las telecomunicaciones. Tambi\u00e9n abarca las \u00faltimas tecnolog\u00edas.<br>\nEn conclusi\u00f3n, el Reino de Tailandia es un pa\u00eds bendecido con la estabilidad pol\u00edtica y prosperidad econ\u00f3mica. El Reino, una sociedad que tambi\u00e9n es gratuita, cohesionada y abierta, sigue siendo uno de los lugares m\u00e1s atractivos del mundo para visitar y hacer negocios.[\/vc_column_text][vc_empty_space][\/vc_column][\/vc_row]<\/p>\n<\/body><\/div>","protected":false},"excerpt":{"rendered":"<p>[vc_row][vc_column width=\u201d1\/3\u2033][vc_single_image image=\u201d3726\u2033 img_size=\u201d250\u00d7188\u2033 alignment=\u201dcenter\u201d style=\u201dvc_box_border\u201d][vc_column_text][\/vc_column_text][\/vc_column][vc_column width=\u201d1\/3\u2033][vc_single_image image=\u201d3728\u2033 img_size=\u201d250\u00d7188\u2033 alignment=\u201dcenter\u201d style=\u201dvc_box_outline\u201d][vc_column_text][\/vc_column_text][\/vc_column][vc_column width=\u201d1\/3\u2033][vc_single_image image=\u201d3729\u2033 img_size=\u201d250\u00d7188\u2033 alignment=\u201dcenter\u201d style=\u201dvc_box_shadow_3d\u201d][vc_column_text][\/vc_column_text][\/vc_column][vc_column][vc_empty_space][\/vc_column][\/vc_row][vc_row][vc_column][vc_column_text]Tailandia es el \u00fanico pa\u00eds del sudeste asi\u00e1tico que nunca ha sido colonizado. Su estructura de gobierno ha sufrido una evoluci\u00f3n gradual y pr\u00e1ctica en respuesta a los cambios del entorno. Desde 1932, Tailandia ha sido una monarqu\u00eda constitucional, con [&hellip;]<\/p>\n","protected":false},"author":3,"featured_media":3730,"parent":0,"menu_order":0,"comment_status":"closed","ping_status":"closed","template":"","meta":{"nf_dc_page":"","footnotes":""},"class_list":["post-2620","page","type-page","status-publish","has-post-thumbnail","hentry"],"_links":{"self":[{"href":"https:\/\/gialinhtravel.com\/espanol\/wp-json\/wp\/v2\/pages\/2620","targetHints":{"allow":["GET"]}}],"collection":[{"href":"https:\/\/gialinhtravel.com\/espanol\/wp-json\/wp\/v2\/pages"}],"about":[{"href":"https:\/\/gialinhtravel.com\/espanol\/wp-json\/wp\/v2\/types\/page"}],"author":[{"embeddable":true,"href":"https:\/\/gialinhtravel.com\/espanol\/wp-json\/wp\/v2\/users\/3"}],"replies":[{"embeddable":true,"href":"https:\/\/gialinhtravel.com\/espanol\/wp-json\/wp\/v2\/comments?post=2620"}],"version-history":[{"count":5,"href":"https:\/\/gialinhtravel.com\/espanol\/wp-json\/wp\/v2\/pages\/2620\/revisions"}],"predecessor-version":[{"id":3727,"href":"https:\/\/gialinhtravel.com\/espanol\/wp-json\/wp\/v2\/pages\/2620\/revisions\/3727"}],"wp:featuredmedia":[{"embeddable":true,"href":"https:\/\/gialinhtravel.com\/espanol\/wp-json\/wp\/v2\/media\/3730"}],"wp:attachment":[{"href":"https:\/\/gialinhtravel.com\/espanol\/wp-json\/wp\/v2\/media?parent=2620"}],"curies":[{"name":"wp","href":"https:\/\/api.w.org\/{rel}","templated":true}]}}