{"id":2576,"date":"2015-10-14T08:03:56","date_gmt":"2015-10-14T08:03:56","guid":{"rendered":"https:\/\/gialinhtravel.com\/espanol\/?page_id=2576"},"modified":"2015-11-05T08:14:41","modified_gmt":"2015-11-05T08:14:41","slug":"artes-de-myanmar","status":"publish","type":"page","link":"https:\/\/gialinhtravel.com\/espanol\/artes-de-myanmar\/","title":{"rendered":"Artes de Myanmar"},"content":{"rendered":"<div class=\"wpb-content-wrapper\"><body><p>[vc_row][vc_column width=\u201d1\/3\u2033][vc_single_image image=\u201d3948\u2033 img_size=\u201d250\u00d7188\u2033 alignment=\u201dcenter\u201d style=\u201dvc_box_border\u201d][vc_column_text][\/vc_column_text][\/vc_column][vc_column width=\u201d1\/3\u2033][vc_single_image image=\u201d3950\u2033 img_size=\u201d250\u00d7188\u2033 alignment=\u201dcenter\u201d style=\u201dvc_box_outline\u201d][vc_column_text][\/vc_column_text][\/vc_column][vc_column width=\u201d1\/3\u2033][vc_single_image image=\u201d3951\u2033 img_size=\u201d250\u00d7188\u2033 alignment=\u201dcenter\u201d style=\u201dvc_box_shadow_3d\u201d][vc_column_text][\/vc_column_text][\/vc_column][vc_column][vc_empty_space][\/vc_column][\/vc_row][vc_row][vc_column][vc_column_text]Arte Myanmar puede ser considerado de alguna manera como un tesoro y un placer. Obras en la forma de la composici\u00f3n de joyas preciosas, hermosas pinturas, la mayor\u00eda con un religioso o un tema de Buda, el arte Myanmar preciosos en las pagodas diferentes en forma de esculturas de m\u00e1rmol, oro plateado bella im\u00e1genes de Buda o estatuas, todo tipo de arte que representa el alivio de Myanmar famoso historias Jataka.<br>\nOtra variante del arte de Myanmar son tallas en madera maravillosa y un arte muy especial de Myanmar es \u201cpiedras preciosas pintura\u201d, donde los colores habituales pintadas son sustituidas por piedras preciosas.<br>\nPalabras como Myanmar, el Oriente, el Oriente, etc est\u00e1n llenos de imaginaci\u00f3n ex\u00f3tica de las identidades ind\u00edgenas. Esto es especialmente evidente en t\u00e9rminos de arte y culturales que pueden ser experimentados por\u00a0<a href=\"http:\/\/www.viajemyanmar.com\/\">viajes a Myanmar<\/a>, o simplemente echar un vistazo al arte de Myanmar en varias tiendas de arte y galer\u00edas en Bangkok o Singapur.<br>\nEl deseo de ver y tal vez algo diferente propia de lejos es segura avanzada para Myanmar verdad.<br>\nEn el budismo el arte de Myanmar, a veces, el hinduismo y la cultura china son evidentes.<br>\nIncluso en uno de Myanmar arte contempor\u00e1neo puede ver esta influencia. Naturalmente Myanmar arte contempor\u00e1neo puede ser experimentado en muchas exposiciones de la galer\u00eda en Yangon, Mandalay y otras partes de Myanmar.<br>\nExposiciones de arte de Myanmar a veces llegar a un p\u00fablico internacional en Singapur a trav\u00e9s de galer\u00edas privadas, pero de todos modos la infraestructura arte Myanmar todav\u00eda necesita muchas mejoras y debe estar abierta a un p\u00fablico m\u00e1s amplio. Tal vez por el gobierno el apoyo de las exposiciones en Asia y en otras partes de Myanmar ya que el arte contempor\u00e1neo tiene algo que decir y esto no es s\u00f3lo la religi\u00f3n. Arte Tradicional Myanmar tiene componentes a menudo religiosas incluidas. Exposiciones de arte Myanmar muestran la teolog\u00eda y demostrar que los artistas de Myanmar son capaces de producir pinturas y otros temas de alta calidad.<br>\nHay 10 Myanmar artes tradicionales que se metaf\u00f3ricamente denominada \u201cDiez Flores\u201d.<br>\n<strong>Panbe (el arte de la herrer\u00eda)<\/strong><br>\nEl arte de la Panbe (Smith negro) es el temple de hierro en el horno para hacer art\u00edculos de primera necesidad. Los artesanos hacen eje carro de bueyes, hierro carreta de bueyes, los neum\u00e1ticos, tijeras, martillo, hacha,\u00a0piqueta, cuchillo, hacha, el hacha, la azada y azad\u00f3n, cavando. Las embarcaciones de herrero Myanmar tradicional surgido en el per\u00edodo inicial de Bagan (11 dC) y se ha mejorado en los Ava mediados de Bagan y el per\u00edodo de Yadanapon. Herrer\u00eda artesanal tradicional de Myanmar, de la regi\u00f3n eran famosos en la car\u00e1tula de los tipos period.Many Yadanapon de art\u00edculos de artesan\u00eda herrero est\u00e1n disponibles, tales como armas militares, armas, archivo, pico, azada, la espada de azada, etc embarcaciones de El herrero de Myanmar tradicionales es muy famoso en el sudeste asi\u00e1tico y constituyen una de las maravillas art\u00edsticas del mundo.<br>\n<strong>Panbu (el arte de la escultura)<\/strong><br>\nEl arte de la Panbu (Escultura) es el que produce las cifras y dise\u00f1os florales y de madera o marfil. Los artesanos que la cifra de seres humanos y animales y dise\u00f1os florales. La escultura tradicional de Myanmar surgi\u00f3 antes del per\u00edodo de Bagan y mejor\u00f3 en el centro de Bagan Era. Base de la escultura de Myanmar la religi\u00f3n budista, que lleg\u00f3 desde el sur de la India en el siglo 11 admost de las esculturas de madera de Bagan y Ava per\u00edodos se han perdido en diversas circunstancias y s\u00f3lo unos pocos se quedan en la actualidad. Una escultura de madera pendientes pertenecientes al per\u00edodo de Bagan es el \u00fanico en el portal antiguo de la pagoda Shwesigone en Nyaung-U. Aquellos que quieran ver las esculturas de madera de Yatanapon (Mandalay) o este \u00faltimo per\u00edodos Yadanapon debe visitar los siguientes lugares:<br>\n<strong>\u00a7 Shwe-inbin Monasterio, Mandalay<\/strong><br>\n<strong>\u00a7 Bakaya Monasterio, INWA<\/strong><br>\nLa escultura tradicional de Myanmar contiene escultura de madera de la escultura de piedra y escultura de yeso, pero m\u00e1s esculturas de madera se ver\u00e1 en muchas artes y tiendas de artesan\u00eda, en muchas ciudades de Myanmar. Las esculturas de madera son del agrado de muchas personas en el mundo de hoy.<br>\n<strong>Pantain (el arte de oro y plata Smith)<\/strong><br>\nEl arte de la Pantain (oro o plata Smith) es una empresa de fabricar art\u00edculos de oro o plata. Smith Plata es el arte de hacer el bebedero, cuenco recept\u00e1culo, el premio de taza, el escudo y el cintur\u00f3n. Smith, oro es el arte de hacer o\u00eddo-plug, o\u00eddo-gotas, oreja de anillo, con un tornillo-pieza en la espalda, los dedos el anillo pulsera, colgantes y collares. Las artes tradicionales de Myanmar, la creaci\u00f3n art\u00edstica y la artesan\u00eda de oro y plata mercanc\u00edas vienen con el g\u00e9nero (ba-Dain) arte de hacer objetos en oro o plata. Creaci\u00f3n de plata hab\u00eda sido con Myanmar para los \u00faltimos mil hundered dos a\u00f1os, ya juzgar por el acabado de la plata que pertenecen a esos primeros a\u00f1os, es de hecho algo por el de Myanmar a presumir. Seg\u00fan el palacio de cristal cr\u00f3nicas, durante el reinado del Rey Anawrahta la relices de Buda y de los tres dep\u00f3sitos de escrituras budistas fueron llevados a Bagan de Suvunna Boumi, la capital com\u00fan, junto con ellos llegaron los artesanos comunes y obras de arte de Mon y la artesan\u00eda, de oro y plata, etc Yendo m\u00e1s atr\u00e1s en el pasado, nos encontramos con la plata Pyu obras de arte descubierto en los montes de antiguos santuarios de Sri ksetra.<br>\n<strong>Pantin (el arte de la colada de bronce)<\/strong><br>\nEl arte de Pantin es una empresa de producci\u00f3n de materiales de cobre, bronce o lat\u00f3n. Los artesanos hacen gong de bronce triangular, Gong, y el cuenco de lat\u00f3n para monje, los pesos en forma de patos inteligentes, bandeja, cazo de cobre, un taz\u00f3n de taza, platillo, cascabel campana y el gong de lat\u00f3n. De Myanmar calderero tradicional de artesan\u00eda surgi\u00f3 antes del periodo de Bagan y mejor\u00f3 durante el per\u00edodo de Bagan y Ava. Cada pagoda en Myanmar ha campanas, que fueron golpeados a decirle a la gente de buenas obras hechas. Son las campanas triangular que giran al ser golpeados y un anillo con un dulce y el aumento de tono descendente, que poco a poco se desvanece. Adem\u00e1s, hay gongs, arrojado de marfil tallado de elefante o troncos de madera, que son apreciadas como gongs de la cena. Diferentes tama\u00f1os y formas de campanas, sin lugar a dudas todos los birmanos en el dise\u00f1o, son muy populares como recuerdos. Tambi\u00e9n lo son otras piezas de fundici\u00f3n, como las pesas y cencerros de las vacas.<br>\n<strong>Pantaut (el arte de hacer uso de dise\u00f1os florales de alba\u00f1iler\u00eda)<\/strong><br>\nEl arte de la Pantaut (escultura en estuco), una artesan\u00eda de hacer decoraive dise\u00f1os florales en relieve con estuco. Los artesanos hacen las figuras de leones, dragones y dise\u00f1os florales con estuco. Estuco tradicional de Myanmar talla surgi\u00f3 antes del per\u00edodo de Bagan y mejor\u00f3 en el Bagan, Ava, y el per\u00edodo de Amarapura Yadanapon. Seg\u00fan los registros hist\u00f3ricos, obras de estuco fueron muy famoso en el per\u00edodo de Bagan. Obras de estuco del periodo de Bagan en decoraciones detalladas. Despu\u00e9s de Bagan tuvimos tallas de estuco de mediados de Konbaung o per\u00edodo de Amarapura, que son muy birmanos en el estilo y muy fina. Las hojas rizadas y capullos, aunque pocos, muy hermosa. Los brotes y flores en racimos en el centro del portal en la U Kin-danke son \u00fanicos. Monasterio de ladrillo en el Men\u00fa de Ava se encuentra magn\u00edficamente hoy en d\u00eda con madera durrets pyathad encima de ella. El gran edificio en s\u00ed es una obra de arte a nuestra admiraci\u00f3n.<br>\n<strong>Panyan (el arte de la alba\u00f1iler\u00eda y mamposter\u00eda)<\/strong><br>\nEl arte de la Panyan (Mason) es una empresa que construye los edificios con ladrillos, piedras y cemento. Los alba\u00f1iles construir casas de ladrillos, Pagoda, puentes. Obras de alba\u00f1iler\u00eda tradicional de Myanmar goza de renombre en todo el mundo para las antiguas pagodas y otros edificios religiosos de la regi\u00f3n de Bagan. La alba\u00f1iler\u00eda tradicional de Myanmar del per\u00edodo de Bagan es el m\u00e1s alto desarrollo de todos los per\u00edodos hist\u00f3ricos. Sus obras se distinguen por su fuerza, belleza grandeza de la forma, la inmensidad de volumen, detallada y adecuada decoraci\u00f3n y el poder de mantener a los espectadores en el temor. La mamposter\u00eda del per\u00edodo de mediados de Amarapura es hermosa y animada, pero para ser colocado s\u00f3lo en el segundo orden, detr\u00e1s de Bagan. La mamposter\u00eda tradicional de Myanmar se han derivado de la cultura de la lun de Suvanna Bhumi flun y en la cultura de la India del Sur es el 11mo siglo AD de hecho \u2013 la Masoner\u00eda en Myanmar surgido desde el per\u00edodo Pyu en el siglo 1 dC<br>\n<strong>Pantamault (el arte de la escultura en piedra)<\/strong><br>\nEl arte de la Pantamault (escultura en piedra) es la piedra curva. Los artesanos elaboran im\u00e1genes de Buda polo de sima, pilar, leograph, elefantes, ciervos, piedra plana circular, mortero y de mesa. La escultura en piedra es un rasgo significativo de Bellas Artes de Myanmar, ha sido hasta hoy el orgullo y el honor del pueblo de Myanmar. Hay estudios de escultura o de los talleres en Yangon, Mandalay y otras ciudades del pa\u00eds, pero la mayor\u00eda de los estudios se concentran en\u00a0Mandalay. Muy finas obras de arte en piedra se pueden ver en las placas que representan la vida de Buda en Ananda, Bagan. Dise\u00f1os de flores en el interior del portal en Kyawkku-U min, Naung-U Nanhpaya, Myinkapa placas partraying los 550 del nacimiento budista historias en Puhtotawkyi, Amarapura y la gran imagen en Kyauktawkyi, a los pies de Mandalay Hill.<br>\n<strong>Panpoot (el arte de convertir los dise\u00f1os en el torno)<\/strong><br>\nEl arte de la Panpoot es una empresa para hacer utensilios de madera de encender torneros torno. Como eje de la toma de paraguas, patas de mesa, y las piernas de la cama y los puestos de torner\u00eda para Pabellones y barandas. Las artesan\u00edas tradicionales de Myanmar de un tornero surgido en el per\u00edodo de Bagan en el siglo 8 dC La nave de un tornero es un arte que se hace por el roce de los bosques en torno de la Turner. Artesan\u00eda de los artistas de Turner sobre la base de los estilos tradicionales de Bagan, Ava y el per\u00edodo de Yatanapon. Adem\u00e1s de eso, las embarcaciones de Myanmar de un tornero de los artistas es muy interesante. La diversidad en la forma de la nave de un tornero, contenedores de alimentos, cajas, cuencos, taunglon mesas, sillas, etc todos los hace atractivos. Las artes tradicionales de Myanmar y la artesan\u00eda debe mucho de la influencia de Mon, el pueblo de suvanna Bhumi artistas y artesanos de la cultura del sur de la India en el per\u00edodo de principios de Bagan.<br>\n<strong>Panchi (el arte de la pintura)<\/strong><br>\nEl arte de Panchi (pintura) es la que ilustra la vida de animales y objetos inanimados con colores diferentes. Los artistas de la pintura de figuras de seres humanos, animales, objetos, dise\u00f1os de paisajes y dibujos animados. Myanmar, la pintura tradicional desarrollado con la religi\u00f3n del budismo en la regi\u00f3n de Bagan. As\u00ed, Bagan convertido en un dep\u00f3sito de antiguas pinturas y esculturas tradicionales de Myanmar en el siglo 11 AD Debido a los logros de artistas de Myanmar, tenemos m\u00e1s cuadros de Konbaung per\u00edodo que los de Ava, es m\u00e1s colorido y animado.\u00a0Durante el per\u00edodo de Yadanapon Mandalay m\u00e1s la pintura se hizo en los libros de plegado llamado purapaik y sobre lienzo que en la pared. Las pinturas murales en la pagoda Mahamuni en Mandalay fueron ejecutados en el per\u00edodo Yadanapon m\u00e1s tarde. La mayor\u00eda de estas pinturas han sido copiados y recopilados por el Departamento de Arqueolog\u00eda, Myanmar.<br>\n<strong>Panyun (el arte de hacer el lacado)<\/strong><br>\nEl arte de la Panyun (laca), una artesan\u00eda que produce materiales de bamb\u00fa, la madera y el barniz negro y espeso (SIS-se). Artesanos laca producir el plato de comida limosna, un taz\u00f3n de monje, y la taza de t\u00e9, pepinillo, buque laca, vaso, caja de betel, y la caja de puros. De laca tradicional de Myanmar surgido en la primera parte del per\u00edodo de Bagan. Myanmar estilos tradicionales de laca de consumo de dibujo derivados de muchas historias de la vida de Buda. Laca birmano es uno de esos productos, cuyo arte se remonta al siglo 11. En un marco de tejidos, finamente cortado tiras de bamb\u00fa, las mezclas de Thit-ver resina con la arcilla y la ceniza son cuidadosamente construidas y, por \u00faltimo pulido con la ceniza de la madera f\u00f3sil. Los dise\u00f1os son luego grabados o pintados a mano. La laca birmano m\u00e1s tradicional es de un color terracota \u00fanico, con escenas de la jatakas, la existencia anteriores de Buda, grabados y luego rellenar con pigmento verde. Los dise\u00f1os m\u00e1s modernos est\u00e1n en negro intenso, aterciopelado, con simples cifras previstas en la hoja de oro en gennine. Muchos tipos de art\u00edculos de laca birmanos est\u00e1n disponibles, tales como cajas, jarrones, bandejas, cuencos y hasta mesas de caf\u00e9. Bagan, el sitio de las maravillas arquitect\u00f3nicas de Oriente, es el hogar de este arte.<\/p>\n<p><strong>Adem\u00e1s de las artes arriba hay<\/strong><br>\n\u00a7 Cer\u00e1mica<br>\n\u00a7 Mosaico<br>\n\u00a7 Tapestry<br>\n\u00a7 Lapidario<br>\n\u00a7 Lotus tejidos textiles<br>\n\u00a7 hoja de oro de toma<br>\n\u00a7 Plater\u00eda<br>\n\u00a7 parquet de madera<br>\n\u00a7 Pintura mural<br>\n\u00a7 tejer la seda<br>\n\u00a7 M\u00e1s informaci\u00f3n sobre la laca<br>\ncomo las artes tradicionales birmanos.[\/vc_column_text][vc_empty_space][\/vc_column][\/vc_row]<\/p>\n<\/body><\/div>","protected":false},"excerpt":{"rendered":"<p>[vc_row][vc_column width=\u201d1\/3\u2033][vc_single_image image=\u201d3948\u2033 img_size=\u201d250\u00d7188\u2033 alignment=\u201dcenter\u201d style=\u201dvc_box_border\u201d][vc_column_text][\/vc_column_text][\/vc_column][vc_column width=\u201d1\/3\u2033][vc_single_image image=\u201d3950\u2033 img_size=\u201d250\u00d7188\u2033 alignment=\u201dcenter\u201d style=\u201dvc_box_outline\u201d][vc_column_text][\/vc_column_text][\/vc_column][vc_column width=\u201d1\/3\u2033][vc_single_image image=\u201d3951\u2033 img_size=\u201d250\u00d7188\u2033 alignment=\u201dcenter\u201d style=\u201dvc_box_shadow_3d\u201d][vc_column_text][\/vc_column_text][\/vc_column][vc_column][vc_empty_space][\/vc_column][\/vc_row][vc_row][vc_column][vc_column_text]Arte Myanmar puede ser considerado de alguna manera como un tesoro y un placer. Obras en la forma de la composici\u00f3n de joyas preciosas, hermosas pinturas, la mayor\u00eda con un religioso o un tema de Buda, el arte Myanmar preciosos [&hellip;]<\/p>\n","protected":false},"author":3,"featured_media":3952,"parent":0,"menu_order":0,"comment_status":"closed","ping_status":"closed","template":"","meta":{"nf_dc_page":"","footnotes":""},"class_list":["post-2576","page","type-page","status-publish","has-post-thumbnail","hentry"],"_links":{"self":[{"href":"https:\/\/gialinhtravel.com\/espanol\/wp-json\/wp\/v2\/pages\/2576","targetHints":{"allow":["GET"]}}],"collection":[{"href":"https:\/\/gialinhtravel.com\/espanol\/wp-json\/wp\/v2\/pages"}],"about":[{"href":"https:\/\/gialinhtravel.com\/espanol\/wp-json\/wp\/v2\/types\/page"}],"author":[{"embeddable":true,"href":"https:\/\/gialinhtravel.com\/espanol\/wp-json\/wp\/v2\/users\/3"}],"replies":[{"embeddable":true,"href":"https:\/\/gialinhtravel.com\/espanol\/wp-json\/wp\/v2\/comments?post=2576"}],"version-history":[{"count":4,"href":"https:\/\/gialinhtravel.com\/espanol\/wp-json\/wp\/v2\/pages\/2576\/revisions"}],"predecessor-version":[{"id":3953,"href":"https:\/\/gialinhtravel.com\/espanol\/wp-json\/wp\/v2\/pages\/2576\/revisions\/3953"}],"wp:featuredmedia":[{"embeddable":true,"href":"https:\/\/gialinhtravel.com\/espanol\/wp-json\/wp\/v2\/media\/3952"}],"wp:attachment":[{"href":"https:\/\/gialinhtravel.com\/espanol\/wp-json\/wp\/v2\/media?parent=2576"}],"curies":[{"name":"wp","href":"https:\/\/api.w.org\/{rel}","templated":true}]}}